{"id":72480,"date":"2026-03-31T12:11:13","date_gmt":"2026-03-31T16:11:13","guid":{"rendered":"https:\/\/nouveau.maisonmallet.com\/?post_type=event&#038;p=72480"},"modified":"2026-04-01T12:17:52","modified_gmt":"2026-04-01T16:17:52","slug":"jean-pierre-jeannine","status":"publish","type":"event","link":"https:\/\/nouveau.maisonmallet.com\/back05_01\/?event=jean-pierre-jeannine","title":{"rendered":"JEAN-PIERRE, Jeannine"},"content":{"rendered":"<p>Le Complexe Thanatologique Mallet &#038; fils a le regret de vous annoncer le d\u00e9c\u00e8s de<\/p>\n<p>Jeannine Jean-Pierre<br \/>\n1935 \u2013 2026<\/p>\n<p>\u00c0 Baie-Comeau, le 29 mars 2026 est d\u00e9c\u00e9d\u00e9e \u00e0 l\u2019\u00e2ge de 90 ans madame Jeannine Jean-Pierre \u00e9pouse de feu Paul-\u00c9mile Gauthier et domicili\u00e9e \u00e0 Schefferville.                                                                                                                                     <\/p>\n<p>Les fun\u00e9railles de madame Jeannine Jean-Pierre auront lieu le mercredi le 8 avril 2026 \u00e0 10 h au gymnase de l\u2019\u00e9cole Kanatamat de Matimekush-Lac John et de l\u00e0 au cimeti\u00e8re de l\u2019endroit. <\/p>\n<p>\u00c0 Sept-\u00celes<br \/>\nLa famille re\u00e7oit parents et amis le lundi 6 avril 2026 de 19 h \u00e0 22 h au Complexe Thanatologique Mallet &#038; fils du 585, boul. Laure \u00e0 Sept-\u00celes.<\/p>\n<p>\u00c0 Schefferville<br \/>\nLa famille re\u00e7oit parents et amis le mardi 7 avril 2026 au 221, rue Lorraine \u00e0 Matimekush-Lac John. <\/p>\n<p>Elle laisse dans le deuil ses fils : Jacques et Armand, ses filles : Germaine, Madeleine, Fran\u00e7oise, Cora, ses petits-enfants, ses arri\u00e8re-petits-enfants, ses arri\u00e8re arri\u00e8re-petits-enfants ainsi que son fr\u00e8re Auguste, sa s\u0153ur Pierrette, ses beaux-fr\u00e8res, ses belles-s\u0153urs, ses neveux, ses ni\u00e8ces et de nombreux ami(e)s.<\/p>\n<p>Elle \u00e9tait la m\u00e8re de feu Maurice. <\/p>\n<p>La famille a confi\u00e9 les arrangements fun\u00e9raires aux services professionnels de la Maison Mallet &#038; fils du 585, boul. Laure \u00e0 Sept-\u00celes et la direction des fun\u00e9railles \u00e0 la Maison Porlier du 515, rue French \u00e0 Schefferville, membre de la Corporation des Thanatologues du Qu\u00e9bec.<\/p>\n<p>Vous pouvez consulter cet avis de d\u00e9c\u00e8s, sur le  www.maisonmallet.com <\/p>\n<p>Ceux et celle qui le d\u00e9sirent, peuvent y envoyer des messages de sympathie.<\/p>\n<p>[contact-form to=\u00a0\u00bbkora_finance@hotmail.com\u00a0\u00bb subject=\u00a0\u00bbCondol\u00e9ances Jeannine Jean-Pierre\u00a0\u00bb][contact-field label=\u00a0\u00bbVotre nom\u00a0\u00bb type=\u00a0\u00bbname\u00a0\u00bb required=\u00a0\u00bb1&Prime;][contact-field label=\u00a0\u00bbVotre courriel\u00a0\u00bb type=\u00a0\u00bbemail\u00a0\u00bb required=\u00a0\u00bb1&Prime;][contact-field label=\u00a0\u00bbCondol\u00e9ances\u00a0\u00bb type=\u00a0\u00bbtextarea\u00a0\u00bb][\/contact-form]<\/p>\n","protected":false},"featured_media":72483,"template":"","event_cat":[6],"class_list":["post-72480","event","type-event","status-publish","has-post-thumbnail","hentry","event_cat-maison-mallet-et-fils-inc"],"_links":{"self":[{"href":"https:\/\/nouveau.maisonmallet.com\/back05_01\/index.php?rest_route=\/wp\/v2\/event\/72480","targetHints":{"allow":["GET"]}}],"collection":[{"href":"https:\/\/nouveau.maisonmallet.com\/back05_01\/index.php?rest_route=\/wp\/v2\/event"}],"about":[{"href":"https:\/\/nouveau.maisonmallet.com\/back05_01\/index.php?rest_route=\/wp\/v2\/types\/event"}],"wp:featuredmedia":[{"embeddable":true,"href":"https:\/\/nouveau.maisonmallet.com\/back05_01\/index.php?rest_route=\/wp\/v2\/media\/72483"}],"wp:attachment":[{"href":"https:\/\/nouveau.maisonmallet.com\/back05_01\/index.php?rest_route=%2Fwp%2Fv2%2Fmedia&parent=72480"}],"wp:term":[{"taxonomy":"event_cat","embeddable":true,"href":"https:\/\/nouveau.maisonmallet.com\/back05_01\/index.php?rest_route=%2Fwp%2Fv2%2Fevent_cat&post=72480"}],"curies":[{"name":"wp","href":"https:\/\/api.w.org\/{rel}","templated":true}]}}

<p>Le Complexe Thanatologique Mallet &#038; fils a le regret de vous annoncer le décès de</p>
<p>Jeannine Jean-Pierre<br />
1935 – 2026</p>
<p>À Baie-Comeau, le 29 mars 2026 est décédée à l’âge de 90 ans madame Jeannine Jean-Pierre épouse de feu Paul-Émile Gauthier et domiciliée à Schefferville.                                                                                                                                     </p>
<p>Les funérailles de madame Jeannine Jean-Pierre auront lieu le mercredi le 8 avril 2026 à 10 h au gymnase de l’école Kanatamat de Matimekush-Lac John et de là au cimetière de l’endroit. </p>
<p>À Sept-Îles<br />
La famille reçoit parents et amis le lundi 6 avril 2026 de 19 h à 22 h au Complexe Thanatologique Mallet &#038; fils du 585, boul. Laure à Sept-Îles.</p>
<p>À Schefferville<br />
La famille reçoit parents et amis le mardi 7 avril 2026 au 221, rue Lorraine à Matimekush-Lac John. </p>
<p>Elle laisse dans le deuil ses fils : Jacques et Armand, ses filles : Germaine, Madeleine, Françoise, Cora, ses petits-enfants, ses arrière-petits-enfants, ses arrière arrière-petits-enfants ainsi que son frère Auguste, sa sœur Pierrette, ses beaux-frères, ses belles-sœurs, ses neveux, ses nièces et de nombreux ami(e)s.</p>
<p>Elle était la mère de feu Maurice. </p>
<p>La famille a confié les arrangements funéraires aux services professionnels de la Maison Mallet &#038; fils du 585, boul. Laure à Sept-Îles et la direction des funérailles à la Maison Porlier du 515, rue French à Schefferville, membre de la Corporation des Thanatologues du Québec.</p>
<p>Vous pouvez consulter cet avis de décès, sur le  www.maisonmallet.com </p>
<p>Ceux et celle qui le désirent, peuvent y envoyer des messages de sympathie.</p>
<p>[contact-form to= »kora_finance@hotmail.com » subject= »Condoléances Jeannine Jean-Pierre »][contact-field label= »Votre nom » type= »name » required= »1&Prime;][contact-field label= »Votre courriel » type= »email » required= »1&Prime;][contact-field label= »Condoléances » type= »textarea »][/contact-form]</p>
