{"id":72482,"date":"2026-03-30T12:49:22","date_gmt":"2026-03-30T16:49:22","guid":{"rendered":"https:\/\/nouveau.maisonmallet.com\/?post_type=event&#038;p=72482"},"modified":"2026-04-01T12:55:36","modified_gmt":"2026-04-01T16:55:36","slug":"bezeau-anne-marie","status":"publish","type":"event","link":"https:\/\/nouveau.maisonmallet.com\/back05_01\/?event=bezeau-anne-marie","title":{"rendered":"BEZEAU, Anne-Marie"},"content":{"rendered":"<p>Le Complexe Thanatologique Mallet &#038; fils a le regret de vous annoncer le d\u00e9c\u00e8s de<\/p>\n<p>Anne-Marie Bezeau<br \/>\n1942 \u2013 2026<\/p>\n<p>\u00c0 Sept-\u00celes, le 28 mars 2026 est d\u00e9c\u00e9d\u00e9e \u00e0 l\u2019\u00e2ge de 84 ans et 1 mois, madame Anne-Marie Bezeau, conjointe de feu Pit Guilbault, fille de feu Aur\u00e8le Bezeau et de feu \u00c9tiennette Langevin domicili\u00e9e \u00e0 Sept-\u00celes.<\/p>\n<p>Les rituels fun\u00e9raires de madame Anne-Marie Bezeau auront lieu \u00e0 une date ult\u00e9rieure.  <\/p>\n<p>Selon ses volont\u00e9s, elle a \u00e9t\u00e9 confi\u00e9e au cr\u00e9matorium de la Maison Mallet &#038; fils pour cr\u00e9mation.<\/p>\n<p>Elle laisse dans le deuil ses enfants : Aline, Alain, Anita, Arl\u00e8ne (R\u00e9jean Langis), Harold et Monique, ses petits-enfants : Val\u00e9rie Deroy (Martin Pelletier), Meggan Savard (Mirthe Vlaskamp), Joannie Bezeau (Eric Vignola), Mylene Belleau, Nancy Raymond, Michael Lessard, Carole-Anne Brisson (Piel B\u00e9dard), Guillaume Savard (Souryvanh N), Pierre-Andr\u00e9 Belleau (Alice Levesque), Christopher Lessard (Marie-Jo\u00eblle Guyon), Catherine Lapointe (Alexandre Couture-Payer), ses arri\u00e8re-petits-enfants : Naomie Bezeau, Oksanna Vignola Bezeau, Anne-Marie Lessard,  Alexis Lapointe Pelletier, Daphn\u00e9e Chouinard, Emy Belleau, Jack Belleau, Logan Chouinard et Lou Lessard-Guyon ainsi que ses s\u0153urs, ses fr\u00e8res, ses beaux-fr\u00e8res, ses belles-s\u0153urs, ses neveux, ses ni\u00e8ces et de nombreux amis (es).<\/p>\n<p>Elle \u00e9tait la grand-m\u00e8re de feu Carl Deroy.<\/p>\n<p>La famille tient \u00e0 exprimer sa gratitude envers toute l\u2019\u00e9quipe m\u00e9dicale de l\u2019h\u00f4pital de Sept-\u00celes pour les soins prodigu\u00e9s.<\/p>\n<p>Nous adressons \u00e9galement un remerciement particulier rempli d\u2019amour \u00e0 notre tante Rose-Aim\u00e9e Bezeau pour sa disponibilit\u00e9, son d\u00e9vouement et l\u2019attention sinc\u00e8re qu\u2019elle a toujours port\u00e9e \u00e0 notre m\u00e8re au cours de sa vie et durant ses derniers moments. Nous te serons \u00e0 jamais reconnaissants.<\/p>\n<p>La famille a confi\u00e9 les arrangements aux services professionnels de la Maison Mallet &#038; fils du 585 boul. Laure \u00e0 Sept-\u00celes, maintenant reconnue Distinction et membre de la Corporation des Thanatologues du Qu\u00e9bec.<\/p>\n<p>Vous pouvez consulter cet avis de d\u00e9c\u00e8s sur le : www.maisonmallet.com<\/p>\n<p>[contact-form to=\u00a0\u00bbarlenebezeau@gmail.com\u00a0\u00bb subject=\u00a0\u00bbCondol\u00e9ances Anne-Marie Bezeau\u00a0\u00bb][contact-field label=\u00a0\u00bbVotre nom\u00a0\u00bb type=\u00a0\u00bbname\u00a0\u00bb required=\u00a0\u00bb1&Prime;][contact-field label=\u00a0\u00bbVotre courriel\u00a0\u00bb type=\u00a0\u00bbemail\u00a0\u00bb required=\u00a0\u00bb1&Prime;][contact-field label=\u00a0\u00bbCondol\u00e9ances\u00a0\u00bb type=\u00a0\u00bbtextarea\u00a0\u00bb][\/contact-form]<\/p>\n","protected":false},"featured_media":72489,"template":"","event_cat":[6],"class_list":["post-72482","event","type-event","status-publish","has-post-thumbnail","hentry","event_cat-maison-mallet-et-fils-inc"],"_links":{"self":[{"href":"https:\/\/nouveau.maisonmallet.com\/back05_01\/index.php?rest_route=\/wp\/v2\/event\/72482","targetHints":{"allow":["GET"]}}],"collection":[{"href":"https:\/\/nouveau.maisonmallet.com\/back05_01\/index.php?rest_route=\/wp\/v2\/event"}],"about":[{"href":"https:\/\/nouveau.maisonmallet.com\/back05_01\/index.php?rest_route=\/wp\/v2\/types\/event"}],"wp:featuredmedia":[{"embeddable":true,"href":"https:\/\/nouveau.maisonmallet.com\/back05_01\/index.php?rest_route=\/wp\/v2\/media\/72489"}],"wp:attachment":[{"href":"https:\/\/nouveau.maisonmallet.com\/back05_01\/index.php?rest_route=%2Fwp%2Fv2%2Fmedia&parent=72482"}],"wp:term":[{"taxonomy":"event_cat","embeddable":true,"href":"https:\/\/nouveau.maisonmallet.com\/back05_01\/index.php?rest_route=%2Fwp%2Fv2%2Fevent_cat&post=72482"}],"curies":[{"name":"wp","href":"https:\/\/api.w.org\/{rel}","templated":true}]}}

<p>Le Complexe Thanatologique Mallet &#038; fils a le regret de vous annoncer le décès de</p>
<p>Anne-Marie Bezeau<br />
1942 – 2026</p>
<p>À Sept-Îles, le 28 mars 2026 est décédée à l’âge de 84 ans et 1 mois, madame Anne-Marie Bezeau, conjointe de feu Pit Guilbault, fille de feu Aurèle Bezeau et de feu Étiennette Langevin domiciliée à Sept-Îles.</p>
<p>Les rituels funéraires de madame Anne-Marie Bezeau auront lieu à une date ultérieure.  </p>
<p>Selon ses volontés, elle a été confiée au crématorium de la Maison Mallet &#038; fils pour crémation.</p>
<p>Elle laisse dans le deuil ses enfants : Aline, Alain, Anita, Arlène (Réjean Langis), Harold et Monique, ses petits-enfants : Valérie Deroy (Martin Pelletier), Meggan Savard (Mirthe Vlaskamp), Joannie Bezeau (Eric Vignola), Mylene Belleau, Nancy Raymond, Michael Lessard, Carole-Anne Brisson (Piel Bédard), Guillaume Savard (Souryvanh N), Pierre-André Belleau (Alice Levesque), Christopher Lessard (Marie-Joëlle Guyon), Catherine Lapointe (Alexandre Couture-Payer), ses arrière-petits-enfants : Naomie Bezeau, Oksanna Vignola Bezeau, Anne-Marie Lessard,  Alexis Lapointe Pelletier, Daphnée Chouinard, Emy Belleau, Jack Belleau, Logan Chouinard et Lou Lessard-Guyon ainsi que ses sœurs, ses frères, ses beaux-frères, ses belles-sœurs, ses neveux, ses nièces et de nombreux amis (es).</p>
<p>Elle était la grand-mère de feu Carl Deroy.</p>
<p>La famille tient à exprimer sa gratitude envers toute l’équipe médicale de l’hôpital de Sept-Îles pour les soins prodigués.</p>
<p>Nous adressons également un remerciement particulier rempli d’amour à notre tante Rose-Aimée Bezeau pour sa disponibilité, son dévouement et l’attention sincère qu’elle a toujours portée à notre mère au cours de sa vie et durant ses derniers moments. Nous te serons à jamais reconnaissants.</p>
<p>La famille a confié les arrangements aux services professionnels de la Maison Mallet &#038; fils du 585 boul. Laure à Sept-Îles, maintenant reconnue Distinction et membre de la Corporation des Thanatologues du Québec.</p>
<p>Vous pouvez consulter cet avis de décès sur le : www.maisonmallet.com</p>
<p>[contact-form to= »arlenebezeau@gmail.com » subject= »Condoléances Anne-Marie Bezeau »][contact-field label= »Votre nom » type= »name » required= »1&Prime;][contact-field label= »Votre courriel » type= »email » required= »1&Prime;][contact-field label= »Condoléances » type= »textarea »][/contact-form]</p>
