{"id":72487,"date":"2026-03-30T13:18:37","date_gmt":"2026-03-30T17:18:37","guid":{"rendered":"https:\/\/nouveau.maisonmallet.com\/?post_type=event&#038;p=72487"},"modified":"2026-04-01T13:23:18","modified_gmt":"2026-04-01T17:23:18","slug":"rochette-jean-paul","status":"publish","type":"event","link":"https:\/\/nouveau.maisonmallet.com\/back05_01\/?event=rochette-jean-paul","title":{"rendered":"ROCHETTE, Jean-Paul"},"content":{"rendered":"<p>La Maison L.J.G. Mallet a le regret de vous annoncer le d\u00e9c\u00e8s de<\/p>\n<p>Jean-Paul Rochette<br \/>\n1958 \u2013 2025<\/p>\n<p>\u00c0 Longue-Pointe-de-Mingan, le 23 d\u00e9cembre 2025, est d\u00e9c\u00e9d\u00e9 \u00e0 l\u2019\u00e2ge de 67 ans, monsieur Jean-Paul Rochette fils de feu Fernand Rochette et de feu Diana Hounsell domicili\u00e9 \u00e0 Longue-Pointe-de-Mingan. <\/p>\n<p>Les fun\u00e9railles de monsieur Jean-Paul Rochette auront lieu le samedi 6 juin 2026 \u00e0 11 h en l\u2019\u00e9glise Marie-M\u00e8re-de-l\u2019\u00c9glise d\u2019Aguanish.<\/p>\n<p>Selon ses volont\u00e9s, il a \u00e9t\u00e9 confi\u00e9 au cr\u00e9matorium de la Maison L.J.G. Mallet pour cr\u00e9mation.<\/p>\n<p>La famille re\u00e7oit parents et amis le samedi 6 juin 2026 jour des fun\u00e9railles \u00e0 compter de 10 h \u00e0 l\u2019\u00e9glise Marie-M\u00e8re-de-l\u2019\u00c9glise d\u2019Aguanish.<\/p>\n<p>Il laisse dans le deuil ses fils : Tommy et Timmy, son petit-fils Jayson, ses fr\u00e8res : L\u00e9onard, Rosaire, et Michel, ses s\u0153urs : Marie-Claire (R\u00e9al Rochette), R\u00e9jeanne (Ghislain Rochette), Aline, Nicole, Danielle, No\u00eblla-Huguette (Fr\u00e9d\u00e9ric Couturier), Myl\u00e8ne et Claudia ainsi que ses beaux-fr\u00e8res, ses belles-s\u0153urs, ses neveux, ses ni\u00e8ces, ses cousins, ses cousines et de nombreux ami(e)s.<\/p>\n<p>La famille a confi\u00e9 la direction des fun\u00e9railles aux services professionnels de la Maison L.J.G. Mallet du 1429, rue du Canot \u00e0 Havre-St-Pierre, maintenant reconnue Distinction et membre de la Corporation des Thanatologues du Qu\u00e9bec.<\/p>\n<p>Vous pouvez consulter cet avis de d\u00e9c\u00e8s, sur le www.maisonmallet.com <\/p>\n<p>Ceux et celles qui le d\u00e9sirent, peuvent y envoyer des messages de sympathie.<\/p>\n<p>[contact-form to=\u00a0\u00bbtimmyr1890@gmail.com\u00a0\u00bb subject=\u00a0\u00bbCondol\u00e9ances Jean-Paul Rochette\u00a0\u00bb][contact-field label=\u00a0\u00bbVotre nom\u00a0\u00bb type=\u00a0\u00bbname\u00a0\u00bb required=\u00a0\u00bb1&Prime;][contact-field label=\u00a0\u00bbVotre courriel\u00a0\u00bb type=\u00a0\u00bbemail\u00a0\u00bb required=\u00a0\u00bb1&Prime;][contact-field label=\u00a0\u00bbCondol\u00e9ances\u00a0\u00bb type=\u00a0\u00bbtextarea\u00a0\u00bb][\/contact-form]<\/p>\n","protected":false},"featured_media":72494,"template":"","event_cat":[7],"class_list":["post-72487","event","type-event","status-publish","has-post-thumbnail","hentry","event_cat-maison-l-j-g-mallet-inc"],"_links":{"self":[{"href":"https:\/\/nouveau.maisonmallet.com\/back05_01\/index.php?rest_route=\/wp\/v2\/event\/72487","targetHints":{"allow":["GET"]}}],"collection":[{"href":"https:\/\/nouveau.maisonmallet.com\/back05_01\/index.php?rest_route=\/wp\/v2\/event"}],"about":[{"href":"https:\/\/nouveau.maisonmallet.com\/back05_01\/index.php?rest_route=\/wp\/v2\/types\/event"}],"wp:featuredmedia":[{"embeddable":true,"href":"https:\/\/nouveau.maisonmallet.com\/back05_01\/index.php?rest_route=\/wp\/v2\/media\/72494"}],"wp:attachment":[{"href":"https:\/\/nouveau.maisonmallet.com\/back05_01\/index.php?rest_route=%2Fwp%2Fv2%2Fmedia&parent=72487"}],"wp:term":[{"taxonomy":"event_cat","embeddable":true,"href":"https:\/\/nouveau.maisonmallet.com\/back05_01\/index.php?rest_route=%2Fwp%2Fv2%2Fevent_cat&post=72487"}],"curies":[{"name":"wp","href":"https:\/\/api.w.org\/{rel}","templated":true}]}}

<p>La Maison L.J.G. Mallet a le regret de vous annoncer le décès de</p>
<p>Jean-Paul Rochette<br />
1958 – 2025</p>
<p>À Longue-Pointe-de-Mingan, le 23 décembre 2025, est décédé à l’âge de 67 ans, monsieur Jean-Paul Rochette fils de feu Fernand Rochette et de feu Diana Hounsell domicilié à Longue-Pointe-de-Mingan. </p>
<p>Les funérailles de monsieur Jean-Paul Rochette auront lieu le samedi 6 juin 2026 à 11 h en l’église Marie-Mère-de-l’Église d’Aguanish.</p>
<p>Selon ses volontés, il a été confié au crématorium de la Maison L.J.G. Mallet pour crémation.</p>
<p>La famille reçoit parents et amis le samedi 6 juin 2026 jour des funérailles à compter de 10 h à l’église Marie-Mère-de-l’Église d’Aguanish.</p>
<p>Il laisse dans le deuil ses fils : Tommy et Timmy, son petit-fils Jayson, ses frères : Léonard, Rosaire, et Michel, ses sœurs : Marie-Claire (Réal Rochette), Réjeanne (Ghislain Rochette), Aline, Nicole, Danielle, Noëlla-Huguette (Frédéric Couturier), Mylène et Claudia ainsi que ses beaux-frères, ses belles-sœurs, ses neveux, ses nièces, ses cousins, ses cousines et de nombreux ami(e)s.</p>
<p>La famille a confié la direction des funérailles aux services professionnels de la Maison L.J.G. Mallet du 1429, rue du Canot à Havre-St-Pierre, maintenant reconnue Distinction et membre de la Corporation des Thanatologues du Québec.</p>
<p>Vous pouvez consulter cet avis de décès, sur le www.maisonmallet.com </p>
<p>Ceux et celles qui le désirent, peuvent y envoyer des messages de sympathie.</p>
<p>[contact-form to= »timmyr1890@gmail.com » subject= »Condoléances Jean-Paul Rochette »][contact-field label= »Votre nom » type= »name » required= »1&Prime;][contact-field label= »Votre courriel » type= »email » required= »1&Prime;][contact-field label= »Condoléances » type= »textarea »][/contact-form]</p>
