{"id":72523,"date":"2026-04-06T10:42:47","date_gmt":"2026-04-06T14:42:47","guid":{"rendered":"https:\/\/nouveau.maisonmallet.com\/?post_type=event&#038;p=72523"},"modified":"2026-04-07T10:47:00","modified_gmt":"2026-04-07T14:47:00","slug":"boudreault-aurele","status":"publish","type":"event","link":"https:\/\/nouveau.maisonmallet.com\/back05_01\/?event=boudreault-aurele","title":{"rendered":"BOUDREAULT, Aur\u00e8le"},"content":{"rendered":"<p>Le Complexe Thanatologique Mallet &#038; fils a le regret de vous annoncer le d\u00e9c\u00e8s de<\/p>\n<p>Aur\u00e8le Boudreault<br \/>\n1959 \u2013 2026<\/p>\n<p>\u00c0 Sept-\u00celes, le 6 mars 2026, est d\u00e9c\u00e9d\u00e9 \u00e0 l\u2019\u00e2ge de 66 ans, monsieur Aur\u00e8le Boudreault conjoint de madame R\u00e9jeanne Larriv\u00e9e et domicili\u00e9 \u00e0 Sept-\u00celes.<\/p>\n<p>Les fun\u00e9railles de monsieur Aur\u00e8le Boudreault auront lieu le samedi 9 mai 2026 \u00e0 14 h en l\u2019\u00e9glise St-Joseph situ\u00e9e au 535, ave. Brochu \u00e0 Sept-\u00celes.<\/p>\n<p>Selon ses volont\u00e9s, il a \u00e9t\u00e9 confi\u00e9 au cr\u00e9matorium de la Maison Mallet &#038; fils pour cr\u00e9mation.<\/p>\n<p>La famille re\u00e7oit parents et amis le samedi 9 mai 2026 jour des fun\u00e9railles de 9 h 30 \u00e0 11 h 30 et de 12 h 30 \u00e0 13 h 30 au Complexe Thanatologique Mallet &#038; fils du 585 boul. Laure \u00e0 Sept-\u00celes.<\/p>\n<p>Il laisse dans le deuil sa conjointe R\u00e9jeanne Larriv\u00e9e, sa fille Edith (Simon), son fils Kaven, son beau-fils Serge Larriv\u00e9e, ses petits-enfants : B\u00e9atrice et Emile, ses fr\u00e8res : Serge et Denis, son beau-fr\u00e8re Roland, sa belle-s\u0153ur France ainsi que ses neveux, ses ni\u00e8ces et de nombreux ami(e)s.<\/p>\n<p>La famille a confi\u00e9 la direction des fun\u00e9railles aux services professionnels de la Maison Mallet &#038; fils du 585 boul. Laure \u00e0 Sept-\u00celes, maintenant reconnue Distinction et membre de la Corporation des Thanatologues du Qu\u00e9bec.<\/p>\n<p>Vous pouvez consulter cet avis de d\u00e9c\u00e8s sur le www.maisonmallet.com<\/p>\n<p>Ceux et celles qui le d\u00e9sirent, peuvent y envoyer des messages de sympathie.<\/p>\n<p>[contact-form to=\u00a0\u00bbdidiboudreault@hotmail.com\u00a0\u00bb subject=\u00a0\u00bbCondol\u00e9ances Aur\u00e8le Boudreault\u00a0\u00bb][contact-field label=\u00a0\u00bbVotre nom\u00a0\u00bb type=\u00a0\u00bbname\u00a0\u00bb required=\u00a0\u00bb1&Prime;][contact-field label=\u00a0\u00bbVotre courriel\u00a0\u00bb type=\u00a0\u00bbemail\u00a0\u00bb required=\u00a0\u00bb1&Prime;][contact-field label=\u00a0\u00bbCondol\u00e9ances\u00a0\u00bb type=\u00a0\u00bbtextarea\u00a0\u00bb][\/contact-form]<\/p>\n","protected":false},"featured_media":72583,"template":"","event_cat":[6],"class_list":["post-72523","event","type-event","status-publish","has-post-thumbnail","hentry","event_cat-maison-mallet-et-fils-inc"],"_links":{"self":[{"href":"https:\/\/nouveau.maisonmallet.com\/back05_01\/index.php?rest_route=\/wp\/v2\/event\/72523","targetHints":{"allow":["GET"]}}],"collection":[{"href":"https:\/\/nouveau.maisonmallet.com\/back05_01\/index.php?rest_route=\/wp\/v2\/event"}],"about":[{"href":"https:\/\/nouveau.maisonmallet.com\/back05_01\/index.php?rest_route=\/wp\/v2\/types\/event"}],"wp:featuredmedia":[{"embeddable":true,"href":"https:\/\/nouveau.maisonmallet.com\/back05_01\/index.php?rest_route=\/wp\/v2\/media\/72583"}],"wp:attachment":[{"href":"https:\/\/nouveau.maisonmallet.com\/back05_01\/index.php?rest_route=%2Fwp%2Fv2%2Fmedia&parent=72523"}],"wp:term":[{"taxonomy":"event_cat","embeddable":true,"href":"https:\/\/nouveau.maisonmallet.com\/back05_01\/index.php?rest_route=%2Fwp%2Fv2%2Fevent_cat&post=72523"}],"curies":[{"name":"wp","href":"https:\/\/api.w.org\/{rel}","templated":true}]}}

BOUDREAULT, Aurèle

<p>Le Complexe Thanatologique Mallet &#038; fils a le regret de vous annoncer le décès de</p>
<p>Aurèle Boudreault<br />
1959 – 2026</p>
<p>À Sept-Îles, le 6 mars 2026, est décédé à l’âge de 66 ans, monsieur Aurèle Boudreault conjoint de madame Réjeanne Larrivée et domicilié à Sept-Îles.</p>
<p>Les funérailles de monsieur Aurèle Boudreault auront lieu le samedi 9 mai 2026 à 14 h en l’église St-Joseph située au 535, ave. Brochu à Sept-Îles.</p>
<p>Selon ses volontés, il a été confié au crématorium de la Maison Mallet &#038; fils pour crémation.</p>
<p>La famille reçoit parents et amis le samedi 9 mai 2026 jour des funérailles de 9 h 30 à 11 h 30 et de 12 h 30 à 13 h 30 au Complexe Thanatologique Mallet &#038; fils du 585 boul. Laure à Sept-Îles.</p>
<p>Il laisse dans le deuil sa conjointe Réjeanne Larrivée, sa fille Edith (Simon), son fils Kaven, son beau-fils Serge Larrivée, ses petits-enfants : Béatrice et Emile, ses frères : Serge et Denis, son beau-frère Roland, sa belle-sœur France ainsi que ses neveux, ses nièces et de nombreux ami(e)s.</p>
<p>La famille a confié la direction des funérailles aux services professionnels de la Maison Mallet &#038; fils du 585 boul. Laure à Sept-Îles, maintenant reconnue Distinction et membre de la Corporation des Thanatologues du Québec.</p>
<p>Vous pouvez consulter cet avis de décès sur le www.maisonmallet.com</p>
<p>Ceux et celles qui le désirent, peuvent y envoyer des messages de sympathie.</p>
<p>[contact-form to= »didiboudreault@hotmail.com » subject= »Condoléances Aurèle Boudreault »][contact-field label= »Votre nom » type= »name » required= »1&Prime;][contact-field label= »Votre courriel » type= »email » required= »1&Prime;][contact-field label= »Condoléances » type= »textarea »][/contact-form]</p>
