{"id":72715,"date":"2026-04-13T13:08:01","date_gmt":"2026-04-13T17:08:01","guid":{"rendered":"https:\/\/nouveau.maisonmallet.com\/?post_type=event&#038;p=72715"},"modified":"2026-04-14T13:13:14","modified_gmt":"2026-04-14T17:13:14","slug":"paquet-jean-pierre","status":"publish","type":"event","link":"https:\/\/nouveau.maisonmallet.com\/back05_01\/?event=paquet-jean-pierre","title":{"rendered":"PAQUET, Jean-Pierre"},"content":{"rendered":"<p>Le Complexe Thanatologique Mallet &#038; fils a le regret de vous annoncer le d\u00e9c\u00e8s de<\/p>\n<p>Jean-Pierre Paquet<br \/>\n1945 \u2013 2026<\/p>\n<p>\u00c0 Port-Cartier, le 10 avril 2026, est d\u00e9c\u00e9d\u00e9 \u00e0 l\u2019\u00e2ge de 80 ans, monsieur Jean-Pierre Paquet \u00e9poux de feu Lise Ringuette et domicili\u00e9 \u00e0 Port-Cartier.<\/p>\n<p>Les fun\u00e9railles de monsieur Jean-Pierre Paquet auront lieu le vendredi 17 avril 2026 \u00e0 14 h en l\u2019\u00e9glise Sacr\u00e9-C\u0153ur situ\u00e9e au 38, rue Parent \u00e0 Port-Cartier.<\/p>\n<p>Selon ses volont\u00e9s, il a \u00e9t\u00e9 confi\u00e9 au cr\u00e9matorium de la Maison Mallet &#038; fils pour cr\u00e9mation.<\/p>\n<p>La famille re\u00e7oit parents et amis le jeudi 16 avril 2026 de 19 h \u00e0 22 h. Le vendredi 17 avril 2026 jour des fun\u00e9railles \u00e0 compter de 12 h 30 au Complexe Thanatologique Mallet &#038; fils du 57, route 138 \u00e0 Port-Cartier.<\/p>\n<p>Il laisse dans le deuil ses enfants : Dave (Audrey), Andr\u00e9 (Annie) et Cathie (Gilles), ses petits-enfants : Audrey, Hugo, Kevin (Audrey), Karen (Nicolas), Charles, No\u00e9mie, Jacob et Juliette, son amie de c\u0153ur madame Edith Girard et ses enfants ainsi que ses beaux-fr\u00e8res, ses belles-s\u0153urs, ses neveux, ses ni\u00e8ces et de nombreux ami(e)s.<\/p>\n<p>La famille a confi\u00e9 la direction des fun\u00e9railles aux services professionnels de la maison Mallet &#038; fils du 57, route 138 \u00e0 Port-Cartier, maintenant reconnue Distinction et membre de la Corporation des Thanatologues du Qu\u00e9bec.<\/p>\n<p>Vous pouvez consulter cet avis de d\u00e9c\u00e8s, sur le www.maisonmallet.com <\/p>\n<p>Ceux et celles qui le d\u00e9sirent, peuvent y envoyer des messages de sympathie.<\/p>\n<p>[contact-form to=\u00a0\u00bbandrep1974@hotmail.ca\u00a0\u00bb subject=\u00a0\u00bbCondol\u00e9ances Jean-Pierre Paquet\u00a0\u00bb][contact-field label=\u00a0\u00bbVotre nom\u00a0\u00bb type=\u00a0\u00bbname\u00a0\u00bb required=\u00a0\u00bb1&Prime;][contact-field label=\u00a0\u00bbVotre courriel\u00a0\u00bb type=\u00a0\u00bbemail\u00a0\u00bb required=\u00a0\u00bb1&Prime;][contact-field label=\u00a0\u00bbCondol\u00e9ances\u00a0\u00bb type=\u00a0\u00bbtextarea\u00a0\u00bb][\/contact-form]<\/p>\n","protected":false},"featured_media":72720,"template":"","event_cat":[6],"class_list":["post-72715","event","type-event","status-publish","has-post-thumbnail","hentry","event_cat-maison-mallet-et-fils-inc"],"_links":{"self":[{"href":"https:\/\/nouveau.maisonmallet.com\/back05_01\/index.php?rest_route=\/wp\/v2\/event\/72715","targetHints":{"allow":["GET"]}}],"collection":[{"href":"https:\/\/nouveau.maisonmallet.com\/back05_01\/index.php?rest_route=\/wp\/v2\/event"}],"about":[{"href":"https:\/\/nouveau.maisonmallet.com\/back05_01\/index.php?rest_route=\/wp\/v2\/types\/event"}],"wp:featuredmedia":[{"embeddable":true,"href":"https:\/\/nouveau.maisonmallet.com\/back05_01\/index.php?rest_route=\/wp\/v2\/media\/72720"}],"wp:attachment":[{"href":"https:\/\/nouveau.maisonmallet.com\/back05_01\/index.php?rest_route=%2Fwp%2Fv2%2Fmedia&parent=72715"}],"wp:term":[{"taxonomy":"event_cat","embeddable":true,"href":"https:\/\/nouveau.maisonmallet.com\/back05_01\/index.php?rest_route=%2Fwp%2Fv2%2Fevent_cat&post=72715"}],"curies":[{"name":"wp","href":"https:\/\/api.w.org\/{rel}","templated":true}]}}

<p>Le Complexe Thanatologique Mallet &#038; fils a le regret de vous annoncer le décès de</p>
<p>Jean-Pierre Paquet<br />
1945 – 2026</p>
<p>À Port-Cartier, le 10 avril 2026, est décédé à l’âge de 80 ans, monsieur Jean-Pierre Paquet époux de feu Lise Ringuette et domicilié à Port-Cartier.</p>
<p>Les funérailles de monsieur Jean-Pierre Paquet auront lieu le vendredi 17 avril 2026 à 14 h en l’église Sacré-Cœur située au 38, rue Parent à Port-Cartier.</p>
<p>Selon ses volontés, il a été confié au crématorium de la Maison Mallet &#038; fils pour crémation.</p>
<p>La famille reçoit parents et amis le jeudi 16 avril 2026 de 19 h à 22 h. Le vendredi 17 avril 2026 jour des funérailles à compter de 12 h 30 au Complexe Thanatologique Mallet &#038; fils du 57, route 138 à Port-Cartier.</p>
<p>Il laisse dans le deuil ses enfants : Dave (Audrey), André (Annie) et Cathie (Gilles), ses petits-enfants : Audrey, Hugo, Kevin (Audrey), Karen (Nicolas), Charles, Noémie, Jacob et Juliette, son amie de cœur madame Edith Girard et ses enfants ainsi que ses beaux-frères, ses belles-sœurs, ses neveux, ses nièces et de nombreux ami(e)s.</p>
<p>La famille a confié la direction des funérailles aux services professionnels de la maison Mallet &#038; fils du 57, route 138 à Port-Cartier, maintenant reconnue Distinction et membre de la Corporation des Thanatologues du Québec.</p>
<p>Vous pouvez consulter cet avis de décès, sur le www.maisonmallet.com </p>
<p>Ceux et celles qui le désirent, peuvent y envoyer des messages de sympathie.</p>
<p>[contact-form to= »andrep1974@hotmail.ca » subject= »Condoléances Jean-Pierre Paquet »][contact-field label= »Votre nom » type= »name » required= »1&Prime;][contact-field label= »Votre courriel » type= »email » required= »1&Prime;][contact-field label= »Condoléances » type= »textarea »][/contact-form]</p>
