{"id":73042,"date":"2026-04-25T15:17:14","date_gmt":"2026-04-25T19:17:14","guid":{"rendered":"https:\/\/nouveau.maisonmallet.com\/?post_type=event&#038;p=73042"},"modified":"2026-04-26T15:21:13","modified_gmt":"2026-04-26T19:21:13","slug":"tanguay-renee","status":"publish","type":"event","link":"https:\/\/nouveau.maisonmallet.com\/back05_01\/?event=tanguay-renee","title":{"rendered":"TANGUAY, Ren\u00e9e"},"content":{"rendered":"<p>La Maison L.J.G. Mallet a le regret de vous annoncer le d\u00e9c\u00e8s de<\/p>\n<p>Ren\u00e9e Tanguay<br \/>\n1948 &#8211; 2026<\/p>\n<p>\u00c0 Havre Saint-Pierre, le 18 avril 2026, est d\u00e9c\u00e9d\u00e9e \u00e0 l\u2019\u00e2ge de 77 ans, madame Ren\u00e9e Tanguay \u00e9pouse de feu L\u00e9on Boudreau et domicili\u00e9e \u00e0 Havre Saint-Pierre. <\/p>\n<p>La c\u00e9r\u00e9monie comm\u00e9morative de madame Ren\u00e9e Tanguay aura lieu le samedi 2 mai 2026 \u00e0 14 h au salon de la maison L.J.G. Mallet du 1429, rue du Canot \u00e0 Havre Saint-Pierre.  <\/p>\n<p>Selon ses volont\u00e9s, elle a \u00e9t\u00e9 confi\u00e9e au cr\u00e9matorium de la Maison L.J.G. Mallet pour cr\u00e9mation.<\/p>\n<p>La famille re\u00e7oit parents et amis le vendredi 1er mai 2026 de 19 h \u00e0 22 h. Le samedi 2 mai 2026 jour de la c\u00e9r\u00e9monie \u00e0 compter de 12 h 30 au salon de la Maison L.J.G. Mallet du 1429, rue du Canot \u00e0 Havre Saint-Pierre.<\/p>\n<p>Elle laisse dans le deuil ses s\u0153urs : Edith (Camil Cyr) et Nicole (Richard Gagn\u00e9), son fr\u00e8re G\u00e9rard (feu Th\u00e9r\u00e8se Vigneault), ainsi que ses beaux-fr\u00e8res, ses belles-s\u0153urs, ses neveux, ses ni\u00e8ces, ses cousins, se cousines et ses amis.<\/p>\n<p>Elle \u00e9tait la s\u0153ur de feu Monique (Gerry Arseneault) et feu Gilles (Francine Turbis).<\/p>\n<p>Vos marques de sympathie peuvent se traduire par un don au Centre de Sant\u00e9 de la Minganie de Havre Saint-Pierre. <\/p>\n<p>La famille a confi\u00e9 les arrangements aux services professionnels de la Maison L.J.G. Mallet du 1429, rue du Canot \u00e0 Havre Saint-Pierre, maintenant reconnue Distinction et membre de la Corporation des Thanatologues du Qu\u00e9bec.<\/p>\n<p>Vous pouvez consulter cet avis de d\u00e9c\u00e8s sur le www.maisonmallet.com<\/p>\n<p>Ceux et celles qui le d\u00e9sirent, peuvent y envoyer des messages de sympathie.<\/p>\n<p>[contact-form to=\u00a0\u00bbger.tanguay@live.ca,mimi.tony@hotmail.com\u00a0\u00bb subject=\u00a0\u00bbCondol\u00e9ances Ren\u00e9e Tanguay\u00a0\u00bb][contact-field label=\u00a0\u00bbVotre nom\u00a0\u00bb type=\u00a0\u00bbname\u00a0\u00bb required=\u00a0\u00bb1&Prime;][contact-field label=\u00a0\u00bbVotre courriel\u00a0\u00bb type=\u00a0\u00bbemail\u00a0\u00bb required=\u00a0\u00bb1&Prime;][contact-field label=\u00a0\u00bbCondol\u00e9ances\u00a0\u00bb type=\u00a0\u00bbtextarea\u00a0\u00bb][\/contact-form]<\/p>\n","protected":false},"featured_media":73147,"template":"","event_cat":[7],"class_list":["post-73042","event","type-event","status-publish","has-post-thumbnail","hentry","event_cat-maison-l-j-g-mallet-inc"],"_links":{"self":[{"href":"https:\/\/nouveau.maisonmallet.com\/back05_01\/index.php?rest_route=\/wp\/v2\/event\/73042","targetHints":{"allow":["GET"]}}],"collection":[{"href":"https:\/\/nouveau.maisonmallet.com\/back05_01\/index.php?rest_route=\/wp\/v2\/event"}],"about":[{"href":"https:\/\/nouveau.maisonmallet.com\/back05_01\/index.php?rest_route=\/wp\/v2\/types\/event"}],"wp:featuredmedia":[{"embeddable":true,"href":"https:\/\/nouveau.maisonmallet.com\/back05_01\/index.php?rest_route=\/wp\/v2\/media\/73147"}],"wp:attachment":[{"href":"https:\/\/nouveau.maisonmallet.com\/back05_01\/index.php?rest_route=%2Fwp%2Fv2%2Fmedia&parent=73042"}],"wp:term":[{"taxonomy":"event_cat","embeddable":true,"href":"https:\/\/nouveau.maisonmallet.com\/back05_01\/index.php?rest_route=%2Fwp%2Fv2%2Fevent_cat&post=73042"}],"curies":[{"name":"wp","href":"https:\/\/api.w.org\/{rel}","templated":true}]}}

TANGUAY, Renée

<p>La Maison L.J.G. Mallet a le regret de vous annoncer le décès de</p>
<p>Renée Tanguay<br />
1948 &#8211; 2026</p>
<p>À Havre Saint-Pierre, le 18 avril 2026, est décédée à l’âge de 77 ans, madame Renée Tanguay épouse de feu Léon Boudreau et domiciliée à Havre Saint-Pierre. </p>
<p>La cérémonie commémorative de madame Renée Tanguay aura lieu le samedi 2 mai 2026 à 14 h au salon de la maison L.J.G. Mallet du 1429, rue du Canot à Havre Saint-Pierre.  </p>
<p>Selon ses volontés, elle a été confiée au crématorium de la Maison L.J.G. Mallet pour crémation.</p>
<p>La famille reçoit parents et amis le vendredi 1er mai 2026 de 19 h à 22 h. Le samedi 2 mai 2026 jour de la cérémonie à compter de 12 h 30 au salon de la Maison L.J.G. Mallet du 1429, rue du Canot à Havre Saint-Pierre.</p>
<p>Elle laisse dans le deuil ses sœurs : Edith (Camil Cyr) et Nicole (Richard Gagné), son frère Gérard (feu Thérèse Vigneault), ainsi que ses beaux-frères, ses belles-sœurs, ses neveux, ses nièces, ses cousins, se cousines et ses amis.</p>
<p>Elle était la sœur de feu Monique (Gerry Arseneault) et feu Gilles (Francine Turbis).</p>
<p>Vos marques de sympathie peuvent se traduire par un don au Centre de Santé de la Minganie de Havre Saint-Pierre. </p>
<p>La famille a confié les arrangements aux services professionnels de la Maison L.J.G. Mallet du 1429, rue du Canot à Havre Saint-Pierre, maintenant reconnue Distinction et membre de la Corporation des Thanatologues du Québec.</p>
<p>Vous pouvez consulter cet avis de décès sur le www.maisonmallet.com</p>
<p>Ceux et celles qui le désirent, peuvent y envoyer des messages de sympathie.</p>
<p>[contact-form to= »ger.tanguay@live.ca,mimi.tony@hotmail.com » subject= »Condoléances Renée Tanguay »][contact-field label= »Votre nom » type= »name » required= »1&Prime;][contact-field label= »Votre courriel » type= »email » required= »1&Prime;][contact-field label= »Condoléances » type= »textarea »][/contact-form]</p>
