{"id":73146,"date":"2026-04-26T16:25:03","date_gmt":"2026-04-26T20:25:03","guid":{"rendered":"https:\/\/nouveau.maisonmallet.com\/?post_type=event&#038;p=73146"},"modified":"2026-04-28T12:33:06","modified_gmt":"2026-04-28T16:33:06","slug":"guanish-elizabeth","status":"publish","type":"event","link":"https:\/\/nouveau.maisonmallet.com\/back05_01\/?event=guanish-elizabeth","title":{"rendered":"GUANISH, Elizabeth"},"content":{"rendered":"<p>Le Complexe Thanatologique Mallet &#038; fils a le regret de vous annoncer le d\u00e9c\u00e8s de<\/p>\n<p>Elizabeth Guanish<br \/>\n1959 \u2013 2026<\/p>\n<p>\u00c0 Sept-\u00celes (maison l\u2019\u00c9lyme des sables), le 25 avril 2026 est d\u00e9c\u00e9d\u00e9e \u00e0 l\u2019\u00e2ge de 67 ans madame Elizabeth Guanish \u00e9pouse de feu Jean-Marie McKenzie et domicili\u00e9e \u00e0 Schefferville.                                                                                                                                     <\/p>\n<p>Les fun\u00e9railles de madame Elizabeth Guanish auront lieu le samedi 2 mai 2026 \u00e0 10 h en l\u2019\u00e9glise St.John\u2019s Anglican Church situ\u00e9e \u00e0 Kawawachikamach et de l\u00e0 au cimeti\u00e8re de Schefferville. <\/p>\n<p>\u00c0 Sept-\u00celes<br \/>\nLa famille re\u00e7oit parents et amis le mercredi 29 avril 2026 de 13 h \u00e0 16 h et de 19 h \u00e0 22 h au Complexe Thanatologique Mallet &#038; fils du 585, boul. Laure \u00e0 Sept-\u00celes.<\/p>\n<p>\u00c0 Schefferville<br \/>\nLa famille re\u00e7oit parents et amis le jeudi 30 avril 2026 au 146, rue Redmond \u00e0 Matimekush-Lac John. <\/p>\n<p>Elle laisse dans le deuil ses filles : Marianne, April et Jolene, son fils Joseph Paul, ses fr\u00e8res et ses s\u0153urs : Martha, Jeanne, Jesse, Minnie, Alma, Naomi, Emily et George, ses treize petits-enfants, ses neuf arri\u00e8re-petits-enfants ainsi que ses beaux-fr\u00e8res, ses belles-s\u0153urs, ses neveux, ses ni\u00e8ces, ses cousins, ses cousines et de nombreux ami(e)s.<\/p>\n<p>La famille a confi\u00e9 les arrangements fun\u00e9raires aux services professionnels de la Maison Mallet &#038; fils du 585, boul. Laure \u00e0 Sept-\u00celes et la direction des fun\u00e9railles \u00e0 la Maison Porlier du 515, rue French \u00e0 Schefferville, membre de la Corporation des Thanatologues du Qu\u00e9bec.<\/p>\n<p>Vous pouvez consulter cet avis de d\u00e9c\u00e8s, sur le  www.maisonmallet.com <\/p>\n<p>Ceux et celle qui le d\u00e9sirent, peuvent y envoyer des messages de sympathie.<\/p>\n<p>[contact-form to=\u00a0\u00bbchescappomarianne@hotmail.com\u00a0\u00bb subject=\u00a0\u00bbCondol\u00e9ances Elizabeth Guanish\u00a0\u00bb][contact-field label=\u00a0\u00bbVotre nom\u00a0\u00bb type=\u00a0\u00bbname\u00a0\u00bb required=\u00a0\u00bb1&Prime;][contact-field label=\u00a0\u00bbVotre courriel\u00a0\u00bb type=\u00a0\u00bbemail\u00a0\u00bb required=\u00a0\u00bb1&Prime;][contact-field label=\u00a0\u00bbCondol\u00e9ances\u00a0\u00bb type=\u00a0\u00bbtextarea\u00a0\u00bb][\/contact-form]<\/p>\n","protected":false},"featured_media":73169,"template":"","event_cat":[6],"class_list":["post-73146","event","type-event","status-publish","has-post-thumbnail","hentry","event_cat-maison-mallet-et-fils-inc"],"_links":{"self":[{"href":"https:\/\/nouveau.maisonmallet.com\/back05_01\/index.php?rest_route=\/wp\/v2\/event\/73146","targetHints":{"allow":["GET"]}}],"collection":[{"href":"https:\/\/nouveau.maisonmallet.com\/back05_01\/index.php?rest_route=\/wp\/v2\/event"}],"about":[{"href":"https:\/\/nouveau.maisonmallet.com\/back05_01\/index.php?rest_route=\/wp\/v2\/types\/event"}],"wp:featuredmedia":[{"embeddable":true,"href":"https:\/\/nouveau.maisonmallet.com\/back05_01\/index.php?rest_route=\/wp\/v2\/media\/73169"}],"wp:attachment":[{"href":"https:\/\/nouveau.maisonmallet.com\/back05_01\/index.php?rest_route=%2Fwp%2Fv2%2Fmedia&parent=73146"}],"wp:term":[{"taxonomy":"event_cat","embeddable":true,"href":"https:\/\/nouveau.maisonmallet.com\/back05_01\/index.php?rest_route=%2Fwp%2Fv2%2Fevent_cat&post=73146"}],"curies":[{"name":"wp","href":"https:\/\/api.w.org\/{rel}","templated":true}]}}

<p>Le Complexe Thanatologique Mallet &#038; fils a le regret de vous annoncer le décès de</p>
<p>Elizabeth Guanish<br />
1959 – 2026</p>
<p>À Sept-Îles (maison l’Élyme des sables), le 25 avril 2026 est décédée à l’âge de 67 ans madame Elizabeth Guanish épouse de feu Jean-Marie McKenzie et domiciliée à Schefferville.                                                                                                                                     </p>
<p>Les funérailles de madame Elizabeth Guanish auront lieu le samedi 2 mai 2026 à 10 h en l’église St.John’s Anglican Church située à Kawawachikamach et de là au cimetière de Schefferville. </p>
<p>À Sept-Îles<br />
La famille reçoit parents et amis le mercredi 29 avril 2026 de 13 h à 16 h et de 19 h à 22 h au Complexe Thanatologique Mallet &#038; fils du 585, boul. Laure à Sept-Îles.</p>
<p>À Schefferville<br />
La famille reçoit parents et amis le jeudi 30 avril 2026 au 146, rue Redmond à Matimekush-Lac John. </p>
<p>Elle laisse dans le deuil ses filles : Marianne, April et Jolene, son fils Joseph Paul, ses frères et ses sœurs : Martha, Jeanne, Jesse, Minnie, Alma, Naomi, Emily et George, ses treize petits-enfants, ses neuf arrière-petits-enfants ainsi que ses beaux-frères, ses belles-sœurs, ses neveux, ses nièces, ses cousins, ses cousines et de nombreux ami(e)s.</p>
<p>La famille a confié les arrangements funéraires aux services professionnels de la Maison Mallet &#038; fils du 585, boul. Laure à Sept-Îles et la direction des funérailles à la Maison Porlier du 515, rue French à Schefferville, membre de la Corporation des Thanatologues du Québec.</p>
<p>Vous pouvez consulter cet avis de décès, sur le  www.maisonmallet.com </p>
<p>Ceux et celle qui le désirent, peuvent y envoyer des messages de sympathie.</p>
<p>[contact-form to= »chescappomarianne@hotmail.com » subject= »Condoléances Elizabeth Guanish »][contact-field label= »Votre nom » type= »name » required= »1&Prime;][contact-field label= »Votre courriel » type= »email » required= »1&Prime;][contact-field label= »Condoléances » type= »textarea »][/contact-form]</p>
