{"id":73167,"date":"2026-04-28T11:23:32","date_gmt":"2026-04-28T15:23:32","guid":{"rendered":"https:\/\/nouveau.maisonmallet.com\/?post_type=event&#038;p=73167"},"modified":"2026-04-29T11:27:48","modified_gmt":"2026-04-29T15:27:48","slug":"gabriel-annie","status":"publish","type":"event","link":"https:\/\/nouveau.maisonmallet.com\/back05_01\/?event=gabriel-annie","title":{"rendered":"GABRIEL, Annie"},"content":{"rendered":"<p>Le Complexe Thanatologique Mallet &#038; fils a le regret de vous annoncer le d\u00e9c\u00e8s de<\/p>\n<p>Annie Gabriel<br \/>\n1942 \u2013 2026<\/p>\n<p>\u00c0 Sept-\u00celes, le 27 avril 2026 est d\u00e9c\u00e9d\u00e9e \u00e0 l\u2019\u00e2ge de 83 ans madame Annie Gabriel \u00e9pouse de feu Barthelemy McKenzie et domicili\u00e9e \u00e0 Schefferville.                                                                                                                                     <\/p>\n<p>Les fun\u00e9railles de madame Annie Gabriel auront lieu le mardi 5 mai 2026 \u00e0 14 h au gymnase de l\u2019\u00e9cole Kanatamat de Matimekush-Lac John et de l\u00e0 au cimeti\u00e8re de l\u2019endroit. <\/p>\n<p>\u00c0 Sept-\u00celes<br \/>\nLa famille re\u00e7oit parents et amis le dimanche 3 mai 2026 de 19 h \u00e0 22 h au Complexe Thanatologique Mallet &#038; fils du 585, boul. Laure \u00e0 Sept-\u00celes.<\/p>\n<p>\u00c0 Schefferville<br \/>\nLa famille re\u00e7oit parents et amis le lundi 4 mai 2026 \u00e0 compter de 17 h au 190, rue Parce Lake \u00e0 Matimekush-Lac John. <\/p>\n<p>Elle laisse dans le deuil ses filles : Margueritte, Ir\u00e8ne (Marc Fontaine), Ad\u00e9line (Glenn M\u00e9tallic) et Nadine, ses fils : Lucien et Herv\u00e9, ses quinze petits-enfants, ses huit arri\u00e8re-petit-enfants ainsi que ses fr\u00e8res, ses s\u0153urs, ses beaux-fr\u00e8res, ses belles-s\u0153urs, ses neveux, ses ni\u00e8ces, ses cousins, ses cousines et de nombreux ami(e)s.<\/p>\n<p>Elle \u00e9tait la m\u00e8re de feu Lina et la grand-m\u00e8re de feu B\u00e9n\u00e9dict.  <\/p>\n<p>La famille a confi\u00e9 les arrangements fun\u00e9raires aux services professionnels de la Maison Mallet &#038; fils du 585, boul. Laure \u00e0 Sept-\u00celes et la direction des fun\u00e9railles \u00e0 la Maison Porlier du 515, rue French \u00e0 Schefferville, membre de la Corporation des Thanatologues du Qu\u00e9bec.<\/p>\n<p>Vous pouvez consulter cet avis de d\u00e9c\u00e8s, sur le  www.maisonmallet.com <\/p>\n<p>Ceux et celle qui le d\u00e9sirent, peuvent y envoyer des messages de sympathie.<\/p>\n<p>[contact-form to=\u00a0\u00bbadelinemcknz@gmail.com\u00a0\u00bb subject=\u00a0\u00bbCondol\u00e9ances Annie Gabriel\u00a0\u00bb][contact-field label=\u00a0\u00bbVotre nom\u00a0\u00bb type=\u00a0\u00bbname\u00a0\u00bb required=\u00a0\u00bb1&Prime;][contact-field label=\u00a0\u00bbVotre courriel\u00a0\u00bb type=\u00a0\u00bbemail\u00a0\u00bb required=\u00a0\u00bb1&Prime;][contact-field label=\u00a0\u00bbCondol\u00e9ances\u00a0\u00bb type=\u00a0\u00bbtextarea\u00a0\u00bb][\/contact-form]<\/p>\n","protected":false},"featured_media":73192,"template":"","event_cat":[6],"class_list":["post-73167","event","type-event","status-publish","has-post-thumbnail","hentry","event_cat-maison-mallet-et-fils-inc"],"_links":{"self":[{"href":"https:\/\/nouveau.maisonmallet.com\/back05_01\/index.php?rest_route=\/wp\/v2\/event\/73167","targetHints":{"allow":["GET"]}}],"collection":[{"href":"https:\/\/nouveau.maisonmallet.com\/back05_01\/index.php?rest_route=\/wp\/v2\/event"}],"about":[{"href":"https:\/\/nouveau.maisonmallet.com\/back05_01\/index.php?rest_route=\/wp\/v2\/types\/event"}],"wp:featuredmedia":[{"embeddable":true,"href":"https:\/\/nouveau.maisonmallet.com\/back05_01\/index.php?rest_route=\/wp\/v2\/media\/73192"}],"wp:attachment":[{"href":"https:\/\/nouveau.maisonmallet.com\/back05_01\/index.php?rest_route=%2Fwp%2Fv2%2Fmedia&parent=73167"}],"wp:term":[{"taxonomy":"event_cat","embeddable":true,"href":"https:\/\/nouveau.maisonmallet.com\/back05_01\/index.php?rest_route=%2Fwp%2Fv2%2Fevent_cat&post=73167"}],"curies":[{"name":"wp","href":"https:\/\/api.w.org\/{rel}","templated":true}]}}

<p>Le Complexe Thanatologique Mallet &#038; fils a le regret de vous annoncer le décès de</p>
<p>Annie Gabriel<br />
1942 – 2026</p>
<p>À Sept-Îles, le 27 avril 2026 est décédée à l’âge de 83 ans madame Annie Gabriel épouse de feu Barthelemy McKenzie et domiciliée à Schefferville.                                                                                                                                     </p>
<p>Les funérailles de madame Annie Gabriel auront lieu le mardi 5 mai 2026 à 14 h au gymnase de l’école Kanatamat de Matimekush-Lac John et de là au cimetière de l’endroit. </p>
<p>À Sept-Îles<br />
La famille reçoit parents et amis le dimanche 3 mai 2026 de 19 h à 22 h au Complexe Thanatologique Mallet &#038; fils du 585, boul. Laure à Sept-Îles.</p>
<p>À Schefferville<br />
La famille reçoit parents et amis le lundi 4 mai 2026 à compter de 17 h au 190, rue Parce Lake à Matimekush-Lac John. </p>
<p>Elle laisse dans le deuil ses filles : Margueritte, Irène (Marc Fontaine), Adéline (Glenn Métallic) et Nadine, ses fils : Lucien et Hervé, ses quinze petits-enfants, ses huit arrière-petit-enfants ainsi que ses frères, ses sœurs, ses beaux-frères, ses belles-sœurs, ses neveux, ses nièces, ses cousins, ses cousines et de nombreux ami(e)s.</p>
<p>Elle était la mère de feu Lina et la grand-mère de feu Bénédict.  </p>
<p>La famille a confié les arrangements funéraires aux services professionnels de la Maison Mallet &#038; fils du 585, boul. Laure à Sept-Îles et la direction des funérailles à la Maison Porlier du 515, rue French à Schefferville, membre de la Corporation des Thanatologues du Québec.</p>
<p>Vous pouvez consulter cet avis de décès, sur le  www.maisonmallet.com </p>
<p>Ceux et celle qui le désirent, peuvent y envoyer des messages de sympathie.</p>
<p>[contact-form to= »adelinemcknz@gmail.com » subject= »Condoléances Annie Gabriel »][contact-field label= »Votre nom » type= »name » required= »1&Prime;][contact-field label= »Votre courriel » type= »email » required= »1&Prime;][contact-field label= »Condoléances » type= »textarea »][/contact-form]</p>
