{"id":73211,"date":"2026-04-29T15:19:22","date_gmt":"2026-04-29T19:19:22","guid":{"rendered":"https:\/\/nouveau.maisonmallet.com\/?post_type=event&#038;p=73211"},"modified":"2026-04-30T15:25:16","modified_gmt":"2026-04-30T19:25:16","slug":"murray-conrad","status":"publish","type":"event","link":"https:\/\/nouveau.maisonmallet.com\/back05_01\/?event=murray-conrad","title":{"rendered":"MURRAY, Conrad"},"content":{"rendered":"<p>Le Complexe Thanatologique Mallet &#038; fils a le regret de vous annoncer le d\u00e9c\u00e8s de<\/p>\n<p>Conrad Murray<br \/>\n1939 \u2013 2026 <\/p>\n<p>\u00c0 Sept-\u00celes, le 24 avril 2026, est d\u00e9c\u00e9d\u00e9 \u00e0 l\u2019\u00e2ge de 86 ans, monsieur Conrad Murray \u00e9poux de madame Denise Berthelot et domicili\u00e9 \u00e0 Sept-\u00celes.<\/p>\n<p>La c\u00e9r\u00e9monie comm\u00e9morative de monsieur Conrad Murray aura lieu le vendredi 8 mai 2026 \u00e0 21 h 45 \u00e0 la chapelle du Complexe Thanatologique Mallet &#038; fils du 585, boul. Laure \u00e0 Sept-\u00celes.<\/p>\n<p>Selon ses volont\u00e9s, il a \u00e9t\u00e9 confi\u00e9 au cr\u00e9matorium de la Maison Mallet &#038; fils pour cr\u00e9mation.<\/p>\n<p>La famille re\u00e7oit parents et amis le vendredi 8 mai 2026 de 19 h \u00e0 22 h au Complexe Thanatologique Mallet &#038; fils du 585 boul. Laure \u00e0 Sept-\u00celes.<\/p>\n<p>Il laisse dans le deuil outre son \u00e9pouse madame Denise Berthelot, ses filles : Johanne (Alain Carpentier) et Christine (Sacha Beaulieu), ses petites-filles : Julianne et Camille, sa s\u0153ur Janie (feu Roger Painchaud), sa belle-s\u0153ur Micheline (feu Loranzo Boucher) ainsi que ses neveux, ses ni\u00e8ces, ses cousins, ses cousines et ses ami(e)s.<\/p>\n<p>La famille a confi\u00e9 les arrangements aux services professionnels de la Maison Mallet &#038; fils du 585 boul. Laure \u00e0 Sept-\u00celes, maintenant reconnue Distinction et membre de la Corporation des Thanatologues du Qu\u00e9bec.<\/p>\n<p>Vous pouvez consulter cet avis de d\u00e9c\u00e8s sur le : www.maisonmallet.com  <\/p>\n<p>Ceux et celles qui le d\u00e9sirent, peuvent y envoyer des messages de sympathie.<\/p>\n<p>[contact-form to=\u00a0\u00bbberthelotdenise01@gmail.com\u00a0\u00bb subject=\u00a0\u00bbCondol\u00e9ances Conrad Murray\u00a0\u00bb][contact-field label=\u00a0\u00bbVotre nom\u00a0\u00bb type=\u00a0\u00bbname\u00a0\u00bb required=\u00a0\u00bb1&Prime;][contact-field label=\u00a0\u00bbVotre courriel\u00a0\u00bb type=\u00a0\u00bbemail\u00a0\u00bb required=\u00a0\u00bb1&Prime;][contact-field label=\u00a0\u00bbCondol\u00e9ances\u00a0\u00bb type=\u00a0\u00bbtextarea\u00a0\u00bb][\/contact-form]<\/p>\n","protected":false},"featured_media":73224,"template":"","event_cat":[6],"class_list":["post-73211","event","type-event","status-publish","has-post-thumbnail","hentry","event_cat-maison-mallet-et-fils-inc"],"_links":{"self":[{"href":"https:\/\/nouveau.maisonmallet.com\/back05_01\/index.php?rest_route=\/wp\/v2\/event\/73211","targetHints":{"allow":["GET"]}}],"collection":[{"href":"https:\/\/nouveau.maisonmallet.com\/back05_01\/index.php?rest_route=\/wp\/v2\/event"}],"about":[{"href":"https:\/\/nouveau.maisonmallet.com\/back05_01\/index.php?rest_route=\/wp\/v2\/types\/event"}],"wp:featuredmedia":[{"embeddable":true,"href":"https:\/\/nouveau.maisonmallet.com\/back05_01\/index.php?rest_route=\/wp\/v2\/media\/73224"}],"wp:attachment":[{"href":"https:\/\/nouveau.maisonmallet.com\/back05_01\/index.php?rest_route=%2Fwp%2Fv2%2Fmedia&parent=73211"}],"wp:term":[{"taxonomy":"event_cat","embeddable":true,"href":"https:\/\/nouveau.maisonmallet.com\/back05_01\/index.php?rest_route=%2Fwp%2Fv2%2Fevent_cat&post=73211"}],"curies":[{"name":"wp","href":"https:\/\/api.w.org\/{rel}","templated":true}]}}

<p>Le Complexe Thanatologique Mallet &#038; fils a le regret de vous annoncer le décès de</p>
<p>Conrad Murray<br />
1939 – 2026 </p>
<p>À Sept-Îles, le 24 avril 2026, est décédé à l’âge de 86 ans, monsieur Conrad Murray époux de madame Denise Berthelot et domicilié à Sept-Îles.</p>
<p>La cérémonie commémorative de monsieur Conrad Murray aura lieu le vendredi 8 mai 2026 à 21 h 45 à la chapelle du Complexe Thanatologique Mallet &#038; fils du 585, boul. Laure à Sept-Îles.</p>
<p>Selon ses volontés, il a été confié au crématorium de la Maison Mallet &#038; fils pour crémation.</p>
<p>La famille reçoit parents et amis le vendredi 8 mai 2026 de 19 h à 22 h au Complexe Thanatologique Mallet &#038; fils du 585 boul. Laure à Sept-Îles.</p>
<p>Il laisse dans le deuil outre son épouse madame Denise Berthelot, ses filles : Johanne (Alain Carpentier) et Christine (Sacha Beaulieu), ses petites-filles : Julianne et Camille, sa sœur Janie (feu Roger Painchaud), sa belle-sœur Micheline (feu Loranzo Boucher) ainsi que ses neveux, ses nièces, ses cousins, ses cousines et ses ami(e)s.</p>
<p>La famille a confié les arrangements aux services professionnels de la Maison Mallet &#038; fils du 585 boul. Laure à Sept-Îles, maintenant reconnue Distinction et membre de la Corporation des Thanatologues du Québec.</p>
<p>Vous pouvez consulter cet avis de décès sur le : www.maisonmallet.com  </p>
<p>Ceux et celles qui le désirent, peuvent y envoyer des messages de sympathie.</p>
<p>[contact-form to= »berthelotdenise01@gmail.com » subject= »Condoléances Conrad Murray »][contact-field label= »Votre nom » type= »name » required= »1&Prime;][contact-field label= »Votre courriel » type= »email » required= »1&Prime;][contact-field label= »Condoléances » type= »textarea »][/contact-form]</p>
