{"id":7438,"date":"2019-12-17T04:48:28","date_gmt":"2019-12-17T09:48:28","guid":{"rendered":"https:\/\/nouveau.maisonmallet.com\/?post_type=event&#038;p=7438"},"modified":"2019-12-19T04:58:12","modified_gmt":"2019-12-19T09:58:12","slug":"theriault-florence-cyr","status":"publish","type":"event","link":"https:\/\/nouveau.maisonmallet.com\/back05_01\/?event=theriault-florence-cyr","title":{"rendered":"TH\u00c9RIAULT, Florence (Cyr)"},"content":{"rendered":"<p>1931-2019<\/p>\n<p>\u00c0 Havre-Saint-Pierre, le 17 d\u00e9cembre 2019, est d\u00e9c\u00e9d\u00e9 \u00e0 l\u2019\u00e2ge de 88 ans et 1 mois, madame Florence Th\u00e9riault \u00e9pouse de feu Jean-Charles Cyr et domicili\u00e9e \u00e0 Havre-Saint-Pierre.<\/p>\n<p>Les fun\u00e9railles de madame Florence Th\u00e9riault Cyr auront lieu le samedi 21 d\u00e9cembre 2019 \u00e0 11 h 00 en l\u2019\u00e9glise Saint-Pierre de Havre-Saint-Pierre.<\/p>\n<p>Selon ses volont\u00e9s, elle a \u00e9t\u00e9 confi\u00e9e au cr\u00e9matorium de la Maison L.J.G. Mallet pour cr\u00e9mation.<\/p>\n<p>La famille re\u00e7oit parents et amis le vendredi 20 d\u00e9cembre de 19 h 00 \u00e0 22 h 00. Le samedi 21 d\u00e9cembre 2019 jour des fun\u00e9railles \u00e0 compter de 10 h 00 au salon de la Maison L.J.G. Mallet au 1429, rue du canot Havre-Saint-Pierre.<\/p>\n<p>Elle laisse dans le deuil son fils Charley (Louise Perreault), ses filles\u00a0: Danielle (Allen Cormier), Sylvie (feu Roland Richard), Christiane (Luc Boudreau) et Guylaine (Luc D\u00e9raps). Ses petits-enfants\u00a0: Sylvia, Pierre-Luc, Charles, Marie-No\u00ebl, Alexa, Arianne, \u00c9mile, Arthur, Jimmy, Rapha\u00ebl et leur conjoint. Sa s\u0153ur Th\u00e9r\u00e8se Th\u00e9riault. Ses beaux-fr\u00e8res, ses belles-s\u0153urs, ses neveux, ses ni\u00e8ces, et de nombreux ami(e)s.<\/p>\n<p>Elle \u00e9tait la m\u00e8re de feue Francine.<\/p>\n<p>Vos marques de sympathie peuvent se traduire par un don \u00e0 la maison Shelna.<\/p>\n<p>La famille a confi\u00e9 la direction des fun\u00e9railles aux services professionnels de la Maison L.J.G. Mallet du 1429, rue du Canot \u00e0 Havre-Saint-Pierre, maintenant reconnue Distinction et membre de la Corporation des Thanatologues du Qu\u00e9bec.<\/p>\n<p>Vous pouvez consulter cet avis de d\u00e9c\u00e8s sur le <a href=\"https:\/\/nouveau.maisonmallet.com\/back05_01\">www.maisonmallet.com<\/a><\/p>\n<p>Ceux et celles qui le d\u00e9sirent, peuvent y envoyer des messages de sympathie.<\/p>\n<p>&nbsp;<\/p>\n<p>&nbsp;<\/p>\n<hr \/>\n<p>Envoyer vos condol\u00e9ances<\/p>\n<p>[contact-form to=\u00a0\u00bbcyrsylvie@hotmail.com\u00a0\u00bb subject=\u00a0\u00bbCondol\u00e9ances Florence Th\u00e9riault\u00a0\u00bb][contact-field label=\u00a0\u00bbVotre nom\u00a0\u00bb type=\u00a0\u00bbname\u00a0\u00bb required=\u00a0\u00bb1&Prime;][contact-field label=\u00a0\u00bbVotre courriel\u00a0\u00bb type=\u00a0\u00bbemail\u00a0\u00bb required=\u00a0\u00bb1&Prime;][contact-field label=\u00a0\u00bbCondol\u00e9ances\u00a0\u00bb type=\u00a0\u00bbtextarea\u00a0\u00bb][\/contact-form]<\/p>\n","protected":false},"featured_media":7514,"template":"","event_cat":[7],"class_list":["post-7438","event","type-event","status-publish","has-post-thumbnail","hentry","event_cat-maison-l-j-g-mallet-inc"],"_links":{"self":[{"href":"https:\/\/nouveau.maisonmallet.com\/back05_01\/index.php?rest_route=\/wp\/v2\/event\/7438","targetHints":{"allow":["GET"]}}],"collection":[{"href":"https:\/\/nouveau.maisonmallet.com\/back05_01\/index.php?rest_route=\/wp\/v2\/event"}],"about":[{"href":"https:\/\/nouveau.maisonmallet.com\/back05_01\/index.php?rest_route=\/wp\/v2\/types\/event"}],"wp:featuredmedia":[{"embeddable":true,"href":"https:\/\/nouveau.maisonmallet.com\/back05_01\/index.php?rest_route=\/wp\/v2\/media\/7514"}],"wp:attachment":[{"href":"https:\/\/nouveau.maisonmallet.com\/back05_01\/index.php?rest_route=%2Fwp%2Fv2%2Fmedia&parent=7438"}],"wp:term":[{"taxonomy":"event_cat","embeddable":true,"href":"https:\/\/nouveau.maisonmallet.com\/back05_01\/index.php?rest_route=%2Fwp%2Fv2%2Fevent_cat&post=7438"}],"curies":[{"name":"wp","href":"https:\/\/api.w.org\/{rel}","templated":true}]}}

THÉRIAULT, Florence (Cyr)

<p>1931-2019</p>
<p>À Havre-Saint-Pierre, le 17 décembre 2019, est décédé à l’âge de 88 ans et 1 mois, madame Florence Thériault épouse de feu Jean-Charles Cyr et domiciliée à Havre-Saint-Pierre.</p>
<p>Les funérailles de madame Florence Thériault Cyr auront lieu le samedi 21 décembre 2019 à 11 h 00 en l’église Saint-Pierre de Havre-Saint-Pierre.</p>
<p>Selon ses volontés, elle a été confiée au crématorium de la Maison L.J.G. Mallet pour crémation.</p>
<p>La famille reçoit parents et amis le vendredi 20 décembre de 19 h 00 à 22 h 00. Le samedi 21 décembre 2019 jour des funérailles à compter de 10 h 00 au salon de la Maison L.J.G. Mallet au 1429, rue du canot Havre-Saint-Pierre.</p>
<p>Elle laisse dans le deuil son fils Charley (Louise Perreault), ses filles : Danielle (Allen Cormier), Sylvie (feu Roland Richard), Christiane (Luc Boudreau) et Guylaine (Luc Déraps). Ses petits-enfants : Sylvia, Pierre-Luc, Charles, Marie-Noël, Alexa, Arianne, Émile, Arthur, Jimmy, Raphaël et leur conjoint. Sa sœur Thérèse Thériault. Ses beaux-frères, ses belles-sœurs, ses neveux, ses nièces, et de nombreux ami(e)s.</p>
<p>Elle était la mère de feue Francine.</p>
<p>Vos marques de sympathie peuvent se traduire par un don à la maison Shelna.</p>
<p>La famille a confié la direction des funérailles aux services professionnels de la Maison L.J.G. Mallet du 1429, rue du Canot à Havre-Saint-Pierre, maintenant reconnue Distinction et membre de la Corporation des Thanatologues du Québec.</p>
<p>Vous pouvez consulter cet avis de décès sur le <a href="https://nouveau.maisonmallet.com/back05_01">www.maisonmallet.com</a></p>
<p>Ceux et celles qui le désirent, peuvent y envoyer des messages de sympathie.</p>
<p>&nbsp;</p>
<p>&nbsp;</p>
<hr />
<p>Envoyer vos condoléances</p>
<p>[contact-form to= »cyrsylvie@hotmail.com » subject= »Condoléances Florence Thériault »][contact-field label= »Votre nom » type= »name » required= »1&Prime;][contact-field label= »Votre courriel » type= »email » required= »1&Prime;][contact-field label= »Condoléances » type= »textarea »][/contact-form]</p>
