{"id":7513,"date":"2019-12-19T15:50:29","date_gmt":"2019-12-19T20:50:29","guid":{"rendered":"https:\/\/nouveau.maisonmallet.com\/?post_type=event&#038;p=7513"},"modified":"2019-12-22T12:23:30","modified_gmt":"2019-12-22T17:23:30","slug":"mercier-pierrette","status":"publish","type":"event","link":"https:\/\/nouveau.maisonmallet.com\/back05_01\/?event=mercier-pierrette","title":{"rendered":"MERCIER, Pierrette"},"content":{"rendered":"<p>1933 \u2013 2019<\/p>\n<p>MERCIER, Pierrette<\/p>\n<p><span style=\"color: #000000; font-family: Times New Roman;\">\u00c0 Sept-\u00celes (maison \u00c9lyme des sables), le 19 d\u00e9cembre 2019, est d\u00e9c\u00e9d\u00e9e \u00e0 l\u2019\u00e2ge de 86 ans, madame Pierrette Mercier conjointe de feu Z\u00e9non Otis et domicili\u00e9e \u00e0 Sept-\u00celes.<\/span><\/p>\n<p>Les fun\u00e9railles de madame Pierrette Mercier auront lieu le lundi 23 d\u00e9cembre 2019 \u00e0 14 h en l\u2019\u00e9glise St-Joseph situ\u00e9e au 535, ave. Brochu \u00e0 Sept-\u00celes.<\/p>\n<p>Selon ses volont\u00e9s, elle a \u00e9t\u00e9 confi\u00e9e au cr\u00e9matorium de la Maison Mallet &amp; fils pour cr\u00e9mation.<\/p>\n<p>La famille re\u00e7oit parents et amis le dimanche 22 d\u00e9cembre 2019 de 13 h \u00e0 16 h et de 19 h \u00e0 22 h. Le lundi 23 d\u00e9cembre 2019 jour des fun\u00e9railles \u00e0 compter de 12 h 30 au Complexe Thanatologique Mallet &amp; fils du 585, boul. Laure \u00e0 Sept-\u00celes.<\/p>\n<p>Elle laisse dans le deuil son fils Serge (Sylvie St-Pierre), sa fille \u00c9dith (Bernard Boudreault), ses petits-enfants\u00a0: Martin (Isabelle M\u00e9thot), St\u00e9phane (Nathalie Bisson), R\u00e9my (Marie-Claire Leblanc) et Katy (Sylvain Boudreau) ainsi que ses onze arri\u00e8re-petits-enfants, ses neveux, ses ni\u00e8ces, ses cousins, ses cousines et de nombreux ami(e)s.<\/p>\n<p>Vos marques de sympathie peuvent se traduire par un don \u00e0 l\u2019\u00c9lyme des sables <a href=\"http:\/\/www.elymedessables.com\/\">www.elymedessables.com<\/a><\/p>\n<p>La famille a confi\u00e9 la direction des fun\u00e9railles aux services professionnels de la Maison Mallet &amp; fils du 585 boul. Laure \u00e0 Sept-\u00celes, maintenant reconnue Distinction et membre de la Corporation des Thanatologues du Qu\u00e9bec.<\/p>\n<p>Vous pouvez consulter cet avis de d\u00e9c\u00e8s sur le <a href=\"https:\/\/nouveau.maisonmallet.com\/back05_01\/\">www.maisonmallet.com<\/a><\/p>\n<p>Ceux et celles qui le d\u00e9sirent, peuvent y envoyer des messages de sympathie.<\/p>\n<p>&nbsp;<\/p>\n<p>&nbsp;<\/p>\n<hr \/>\n<p>Envoyer vos condol\u00e9ances<\/p>\n<p>[contact-form to=\u00a0\u00bbtoupette8@hotmail.com\u00a0\u00bb subject=\u00a0\u00bbCondol\u00e9ances Pierrette Mercier\u00a0\u00bb][contact-field label=\u00a0\u00bbVotre nom\u00a0\u00bb type=\u00a0\u00bbname\u00a0\u00bb required=\u00a0\u00bb1&Prime;][contact-field label=\u00a0\u00bbVotre courriel\u00a0\u00bb type=\u00a0\u00bbemail\u00a0\u00bb required=\u00a0\u00bb1&Prime;][contact-field label=\u00a0\u00bbCondol\u00e9ances\u00a0\u00bb type=\u00a0\u00bbtextarea\u00a0\u00bb][\/contact-form]<\/p>\n","protected":false},"featured_media":7644,"template":"","event_cat":[6],"class_list":["post-7513","event","type-event","status-publish","has-post-thumbnail","hentry","event_cat-maison-mallet-et-fils-inc"],"_links":{"self":[{"href":"https:\/\/nouveau.maisonmallet.com\/back05_01\/index.php?rest_route=\/wp\/v2\/event\/7513","targetHints":{"allow":["GET"]}}],"collection":[{"href":"https:\/\/nouveau.maisonmallet.com\/back05_01\/index.php?rest_route=\/wp\/v2\/event"}],"about":[{"href":"https:\/\/nouveau.maisonmallet.com\/back05_01\/index.php?rest_route=\/wp\/v2\/types\/event"}],"wp:featuredmedia":[{"embeddable":true,"href":"https:\/\/nouveau.maisonmallet.com\/back05_01\/index.php?rest_route=\/wp\/v2\/media\/7644"}],"wp:attachment":[{"href":"https:\/\/nouveau.maisonmallet.com\/back05_01\/index.php?rest_route=%2Fwp%2Fv2%2Fmedia&parent=7513"}],"wp:term":[{"taxonomy":"event_cat","embeddable":true,"href":"https:\/\/nouveau.maisonmallet.com\/back05_01\/index.php?rest_route=%2Fwp%2Fv2%2Fevent_cat&post=7513"}],"curies":[{"name":"wp","href":"https:\/\/api.w.org\/{rel}","templated":true}]}}

<p>1933 – 2019</p>
<p>MERCIER, Pierrette</p>
<p><span style="color: #000000; font-family: Times New Roman;">À Sept-Îles (maison Élyme des sables), le 19 décembre 2019, est décédée à l’âge de 86 ans, madame Pierrette Mercier conjointe de feu Zénon Otis et domiciliée à Sept-Îles.</span></p>
<p>Les funérailles de madame Pierrette Mercier auront lieu le lundi 23 décembre 2019 à 14 h en l’église St-Joseph située au 535, ave. Brochu à Sept-Îles.</p>
<p>Selon ses volontés, elle a été confiée au crématorium de la Maison Mallet &amp; fils pour crémation.</p>
<p>La famille reçoit parents et amis le dimanche 22 décembre 2019 de 13 h à 16 h et de 19 h à 22 h. Le lundi 23 décembre 2019 jour des funérailles à compter de 12 h 30 au Complexe Thanatologique Mallet &amp; fils du 585, boul. Laure à Sept-Îles.</p>
<p>Elle laisse dans le deuil son fils Serge (Sylvie St-Pierre), sa fille Édith (Bernard Boudreault), ses petits-enfants : Martin (Isabelle Méthot), Stéphane (Nathalie Bisson), Rémy (Marie-Claire Leblanc) et Katy (Sylvain Boudreau) ainsi que ses onze arrière-petits-enfants, ses neveux, ses nièces, ses cousins, ses cousines et de nombreux ami(e)s.</p>
<p>Vos marques de sympathie peuvent se traduire par un don à l’Élyme des sables <a href="http://www.elymedessables.com/">www.elymedessables.com</a></p>
<p>La famille a confié la direction des funérailles aux services professionnels de la Maison Mallet &amp; fils du 585 boul. Laure à Sept-Îles, maintenant reconnue Distinction et membre de la Corporation des Thanatologues du Québec.</p>
<p>Vous pouvez consulter cet avis de décès sur le <a href="https://nouveau.maisonmallet.com/back05_01/">www.maisonmallet.com</a></p>
<p>Ceux et celles qui le désirent, peuvent y envoyer des messages de sympathie.</p>
<p>&nbsp;</p>
<p>&nbsp;</p>
<hr />
<p>Envoyer vos condoléances</p>
<p>[contact-form to= »toupette8@hotmail.com » subject= »Condoléances Pierrette Mercier »][contact-field label= »Votre nom » type= »name » required= »1&Prime;][contact-field label= »Votre courriel » type= »email » required= »1&Prime;][contact-field label= »Condoléances » type= »textarea »][/contact-form]</p>
