{"id":7636,"date":"2019-12-19T12:24:49","date_gmt":"2019-12-19T17:24:49","guid":{"rendered":"https:\/\/nouveau.maisonmallet.com\/?post_type=event&#038;p=7636"},"modified":"2019-12-22T12:36:08","modified_gmt":"2019-12-22T17:36:08","slug":"pinette-cecile-michel-ambroise","status":"publish","type":"event","link":"https:\/\/nouveau.maisonmallet.com\/back05_01\/?event=pinette-cecile-michel-ambroise","title":{"rendered":"PINETTE, C\u00e9cile (Michel Ambroise)"},"content":{"rendered":"<p>1943 \u2013 2019<\/p>\n<p>PINETTE, C\u00e9cile (Michel Ambroise)<\/p>\n<p>&nbsp;<\/p>\n<p>\u00c0 Sept-\u00celes, le 19 d\u00e9cembre 2019, est d\u00e9c\u00e9d\u00e9e \u00e0 l\u2019\u00e2ge de 76 ans, madame C\u00e9cile Pinette \u00e9pouse de feu Jules Michel Ambroise et domicili\u00e9e \u00e0 Mani-Utenam.<\/p>\n<p>Les fun\u00e9railles de madame C\u00e9cile Pinette Michel Ambroise auront lieu le lundi 23 d\u00e9cembre 2019 \u00e0 10 h en l\u2019\u00e9glise Notre-Dame du Cap situ\u00e9e au 139, rue de l\u2019\u00c9glise \u00e0 Mani-Utenam.<\/p>\n<p>La famille re\u00e7oit parents et amis le samedi 21 d\u00e9cembre 2019 de 19 h \u00e0 22 h. Le dimanche 22 d\u00e9cembre 2019 de 13 h \u00e0 16 h et de 19 h \u00e0 22 h. Le lundi 23 d\u00e9cembre 2019 \u00e0 compter de 8 h 30 au Complexe Thanatologique Mallet &amp; fils du 585, boul. Laure \u00e0 Sept-\u00celes.<\/p>\n<p>Elle laisse dans le deuil Ses fils Marc, Yves, Roger, Bruce (Pierrette Wapishtan), Marcellin (\u00c9lizabeth Lameboy), Walter et Steve, ses filles : Ginette, Lise, Carole (Yannick Plante), Agn\u00e8s (John Andr\u00e9) et Anne, ses trente-huit petits-enfants, ses dix-huit arri\u00e8re-petits-enfants ainsi que sa s\u0153ur Louisa, ses beaux-fr\u00e8res, ses belles-s\u0153urs, ses neveux, ses ni\u00e8ces, \u00a0ses cousins, ses cousines et de nombreux ami(e)s.<\/p>\n<p>La famille a confi\u00e9 la direction des fun\u00e9railles aux services professionnels de la Maison Mallet &amp; fils du 585, boul. Laure \u00e0 Sept-\u00celes, maintenant reconnue Distinction et membre de la Corporation des Thanatologues du Qu\u00e9bec.<\/p>\n<p>Vous pouvez consulter cet avis de d\u00e9c\u00e8s, sur le <a href=\"https:\/\/nouveau.maisonmallet.com\/back05_01\">www.maisonmallet.com<\/a><\/p>\n<p>Ceux et celles qui le d\u00e9sirent, peuvent y envoyer des messages de sympathie.<\/p>\n<p>&nbsp;<\/p>\n<hr \/>\n<p>Envoyer vos condol\u00e9ances<\/p>\n<p>[contact-form to=\u00a0\u00bbmarcellin-michel@hotmail.com\u00a0\u00bb subject=\u00a0\u00bbCondol\u00e9ances C\u00e9cile Pinette\u00a0\u00bb][contact-field label=\u00a0\u00bbVotre nom\u00a0\u00bb type=\u00a0\u00bbname\u00a0\u00bb required=\u00a0\u00bb1&Prime;][contact-field label=\u00a0\u00bbVotre courriel\u00a0\u00bb type=\u00a0\u00bbemail\u00a0\u00bb required=\u00a0\u00bb1&Prime;][contact-field label=\u00a0\u00bbCondol\u00e9ances\u00a0\u00bb type=\u00a0\u00bbtextarea\u00a0\u00bb][\/contact-form]<\/p>\n","protected":false},"featured_media":7646,"template":"","event_cat":[6],"class_list":["post-7636","event","type-event","status-publish","has-post-thumbnail","hentry","event_cat-maison-mallet-et-fils-inc"],"_links":{"self":[{"href":"https:\/\/nouveau.maisonmallet.com\/back05_01\/index.php?rest_route=\/wp\/v2\/event\/7636","targetHints":{"allow":["GET"]}}],"collection":[{"href":"https:\/\/nouveau.maisonmallet.com\/back05_01\/index.php?rest_route=\/wp\/v2\/event"}],"about":[{"href":"https:\/\/nouveau.maisonmallet.com\/back05_01\/index.php?rest_route=\/wp\/v2\/types\/event"}],"wp:featuredmedia":[{"embeddable":true,"href":"https:\/\/nouveau.maisonmallet.com\/back05_01\/index.php?rest_route=\/wp\/v2\/media\/7646"}],"wp:attachment":[{"href":"https:\/\/nouveau.maisonmallet.com\/back05_01\/index.php?rest_route=%2Fwp%2Fv2%2Fmedia&parent=7636"}],"wp:term":[{"taxonomy":"event_cat","embeddable":true,"href":"https:\/\/nouveau.maisonmallet.com\/back05_01\/index.php?rest_route=%2Fwp%2Fv2%2Fevent_cat&post=7636"}],"curies":[{"name":"wp","href":"https:\/\/api.w.org\/{rel}","templated":true}]}}

PINETTE, Cécile (Michel Ambroise)

<p>1943 – 2019</p>
<p>PINETTE, Cécile (Michel Ambroise)</p>
<p>&nbsp;</p>
<p>À Sept-Îles, le 19 décembre 2019, est décédée à l’âge de 76 ans, madame Cécile Pinette épouse de feu Jules Michel Ambroise et domiciliée à Mani-Utenam.</p>
<p>Les funérailles de madame Cécile Pinette Michel Ambroise auront lieu le lundi 23 décembre 2019 à 10 h en l’église Notre-Dame du Cap située au 139, rue de l’Église à Mani-Utenam.</p>
<p>La famille reçoit parents et amis le samedi 21 décembre 2019 de 19 h à 22 h. Le dimanche 22 décembre 2019 de 13 h à 16 h et de 19 h à 22 h. Le lundi 23 décembre 2019 à compter de 8 h 30 au Complexe Thanatologique Mallet &amp; fils du 585, boul. Laure à Sept-Îles.</p>
<p>Elle laisse dans le deuil Ses fils Marc, Yves, Roger, Bruce (Pierrette Wapishtan), Marcellin (Élizabeth Lameboy), Walter et Steve, ses filles : Ginette, Lise, Carole (Yannick Plante), Agnès (John André) et Anne, ses trente-huit petits-enfants, ses dix-huit arrière-petits-enfants ainsi que sa sœur Louisa, ses beaux-frères, ses belles-sœurs, ses neveux, ses nièces,  ses cousins, ses cousines et de nombreux ami(e)s.</p>
<p>La famille a confié la direction des funérailles aux services professionnels de la Maison Mallet &amp; fils du 585, boul. Laure à Sept-Îles, maintenant reconnue Distinction et membre de la Corporation des Thanatologues du Québec.</p>
<p>Vous pouvez consulter cet avis de décès, sur le <a href="https://nouveau.maisonmallet.com/back05_01">www.maisonmallet.com</a></p>
<p>Ceux et celles qui le désirent, peuvent y envoyer des messages de sympathie.</p>
<p>&nbsp;</p>
<hr />
<p>Envoyer vos condoléances</p>
<p>[contact-form to= »marcellin-michel@hotmail.com » subject= »Condoléances Cécile Pinette »][contact-field label= »Votre nom » type= »name » required= »1&Prime;][contact-field label= »Votre courriel » type= »email » required= »1&Prime;][contact-field label= »Condoléances » type= »textarea »][/contact-form]</p>
