{"id":8075,"date":"2020-01-03T09:13:12","date_gmt":"2020-01-03T14:13:12","guid":{"rendered":"https:\/\/nouveau.maisonmallet.com\/?post_type=event&#038;p=8075"},"modified":"2020-01-12T14:06:53","modified_gmt":"2020-01-12T19:06:53","slug":"turbis-yolande","status":"publish","type":"event","link":"https:\/\/nouveau.maisonmallet.com\/back05_01\/?event=turbis-yolande","title":{"rendered":"TURBIS, Yolande"},"content":{"rendered":"<p>1943 &#8211; 2020<\/p>\n<p>TURBIS, Yolande<\/p>\n<p>\u00c0 Havre-Saint-Pierre, le 3 janvier 2020, est d\u00e9c\u00e9d\u00e9e \u00e0 l\u2019\u00e2ge de 76 ans et 9 mois, madame Yolande Turbis fille de feu John-William Turbis et de feue Berthe Richard domicili\u00e9e \u00e0 Havre-Saint-Pierre.<\/p>\n<p>La c\u00e9r\u00e9monie comm\u00e9morative de madame Yolande Turbis aura lieu le samedi 11 janvier 2020 \u00e0 15 h\u00a0 au salon de la Maison L.J.G. Mallet du 1429, rue du Canot \u00e0 Havre-Saint-Pierre.<\/p>\n<p>Selon ses volont\u00e9s, elle a \u00e9t\u00e9 confi\u00e9e au cr\u00e9matorium de la Maison L.J.G. Mallet pour cr\u00e9mation.<\/p>\n<p>La famille re\u00e7oit parents et amis le samedi 11 janvier 2020 jour de la c\u00e9r\u00e9monie \u00e0 compter de 13 h\u00a0 au salon de la Maison L.J.G. Mallet du 1429, rue du Canot \u00e0 Havre-Saint-Pierre.<\/p>\n<p>Elle laisse dans le deuil ses soeurs : Stella (Maurice Picard), Rachel (Ghislain Henley) et Lise (Bob Plouffe), son fr\u00e8re Cl\u00e9ment (Francine Henley) ainsi que son beau-fr\u00e8re Raymond Proulx, ses neveux, ses ni\u00e8ces, sa tante Berthe et sa tante Lili et de nombreux ami(e)s.<\/p>\n<p>Vos marques de sympathie peuvent se traduire par un don \u00e0 la fondation du centre de sant\u00e9 de la Minganie<\/p>\n<p>La famille a confi\u00e9 les arrangements aux services professionnels de la Maison L.J.G. Mallet du 1429, rue du Canot \u00e0 Havre-Saint-Pierre, maintenant reconnue Distinction et membre de la Corporation des Thanatologues du Qu\u00e9bec.<\/p>\n<p>Vous pouvez consulter cet avis de d\u00e9c\u00e8s sur le <a href=\"https:\/\/nouveau.maisonmallet.com\/back05_01\">www.maisonmallet.com<\/a><\/p>\n<p>Ceux et celles qui le d\u00e9sirent, peuvent y envoyer des messages de sympathie.<\/p>\n<p>&nbsp;<\/p>\n<hr \/>\n<p>Envoyer vos condol\u00e9ances<\/p>\n<p>[contact-form to=\u00a0\u00bballenpicard27@gmail.com\u00a0\u00bb subject=\u00a0\u00bbCondol\u00e9ances Yolande Turbis\u00a0\u00bb][contact-field label=\u00a0\u00bbVotre nom\u00a0\u00bb type=\u00a0\u00bbname\u00a0\u00bb required=\u00a0\u00bb1&Prime;][contact-field label=\u00a0\u00bbVotre courriel\u00a0\u00bb type=\u00a0\u00bbemail\u00a0\u00bb required=\u00a0\u00bb1&Prime;][contact-field label=\u00a0\u00bbCondol\u00e9ances\u00a0\u00bb type=\u00a0\u00bbtextarea\u00a0\u00bb][\/contact-form]<\/p>\n","protected":false},"featured_media":8141,"template":"","event_cat":[7],"class_list":["post-8075","event","type-event","status-publish","has-post-thumbnail","hentry","event_cat-maison-l-j-g-mallet-inc"],"_links":{"self":[{"href":"https:\/\/nouveau.maisonmallet.com\/back05_01\/index.php?rest_route=\/wp\/v2\/event\/8075","targetHints":{"allow":["GET"]}}],"collection":[{"href":"https:\/\/nouveau.maisonmallet.com\/back05_01\/index.php?rest_route=\/wp\/v2\/event"}],"about":[{"href":"https:\/\/nouveau.maisonmallet.com\/back05_01\/index.php?rest_route=\/wp\/v2\/types\/event"}],"wp:featuredmedia":[{"embeddable":true,"href":"https:\/\/nouveau.maisonmallet.com\/back05_01\/index.php?rest_route=\/wp\/v2\/media\/8141"}],"wp:attachment":[{"href":"https:\/\/nouveau.maisonmallet.com\/back05_01\/index.php?rest_route=%2Fwp%2Fv2%2Fmedia&parent=8075"}],"wp:term":[{"taxonomy":"event_cat","embeddable":true,"href":"https:\/\/nouveau.maisonmallet.com\/back05_01\/index.php?rest_route=%2Fwp%2Fv2%2Fevent_cat&post=8075"}],"curies":[{"name":"wp","href":"https:\/\/api.w.org\/{rel}","templated":true}]}}

<p>1943 &#8211; 2020</p>
<p>TURBIS, Yolande</p>
<p>À Havre-Saint-Pierre, le 3 janvier 2020, est décédée à l’âge de 76 ans et 9 mois, madame Yolande Turbis fille de feu John-William Turbis et de feue Berthe Richard domiciliée à Havre-Saint-Pierre.</p>
<p>La cérémonie commémorative de madame Yolande Turbis aura lieu le samedi 11 janvier 2020 à 15 h  au salon de la Maison L.J.G. Mallet du 1429, rue du Canot à Havre-Saint-Pierre.</p>
<p>Selon ses volontés, elle a été confiée au crématorium de la Maison L.J.G. Mallet pour crémation.</p>
<p>La famille reçoit parents et amis le samedi 11 janvier 2020 jour de la cérémonie à compter de 13 h  au salon de la Maison L.J.G. Mallet du 1429, rue du Canot à Havre-Saint-Pierre.</p>
<p>Elle laisse dans le deuil ses soeurs : Stella (Maurice Picard), Rachel (Ghislain Henley) et Lise (Bob Plouffe), son frère Clément (Francine Henley) ainsi que son beau-frère Raymond Proulx, ses neveux, ses nièces, sa tante Berthe et sa tante Lili et de nombreux ami(e)s.</p>
<p>Vos marques de sympathie peuvent se traduire par un don à la fondation du centre de santé de la Minganie</p>
<p>La famille a confié les arrangements aux services professionnels de la Maison L.J.G. Mallet du 1429, rue du Canot à Havre-Saint-Pierre, maintenant reconnue Distinction et membre de la Corporation des Thanatologues du Québec.</p>
<p>Vous pouvez consulter cet avis de décès sur le <a href="https://nouveau.maisonmallet.com/back05_01">www.maisonmallet.com</a></p>
<p>Ceux et celles qui le désirent, peuvent y envoyer des messages de sympathie.</p>
<p>&nbsp;</p>
<hr />
<p>Envoyer vos condoléances</p>
<p>[contact-form to= »allenpicard27@gmail.com » subject= »Condoléances Yolande Turbis »][contact-field label= »Votre nom » type= »name » required= »1&Prime;][contact-field label= »Votre courriel » type= »email » required= »1&Prime;][contact-field label= »Condoléances » type= »textarea »][/contact-form]</p>
