{"id":8102,"date":"2020-01-07T17:14:33","date_gmt":"2020-01-07T22:14:33","guid":{"rendered":"https:\/\/nouveau.maisonmallet.com\/?post_type=event&#038;p=8102"},"modified":"2020-01-09T16:53:40","modified_gmt":"2020-01-09T21:53:40","slug":"cloutier-raynald","status":"publish","type":"event","link":"https:\/\/nouveau.maisonmallet.com\/back05_01\/?event=cloutier-raynald","title":{"rendered":"CLOUTIER, Raynald"},"content":{"rendered":"<p>1940 \u2013 2020<\/p>\n<p>CLOUTIER, Raynald<\/p>\n<p>&nbsp;<\/p>\n<p>\u00c0 Port-Cartier, le 7 janvier 2020, est d\u00e9c\u00e9d\u00e9 \u00e0 l\u2019\u00e2ge de 79 ans, monsieur Raynald Cloutier \u00e9poux de madame Faby Pedneault et domicili\u00e9 \u00e0 Port-Cartier.<\/p>\n<p>Les fun\u00e9railles de monsieur Raynald Cloutier auront lieu le vendredi 10 janvier 2020 \u00e0 16 h en l\u2019\u00e9glise Sacr\u00e9-C\u0153ur situ\u00e9e au 38, rue Parent \u00e0 Port-Cartier.<\/p>\n<p>Selon ses volont\u00e9s, il a \u00e9t\u00e9 confi\u00e9 au cr\u00e9matorium de la Maison Mallet &amp; fils pour cr\u00e9mation.<\/p>\n<p>La famille re\u00e7oit parents et amis le vendredi 10 janvier 2020 jour des fun\u00e9railles \u00e0 compter de 15 h \u00e0 l\u2019\u00e9glise Sacr\u00e9-C\u0153ur de Port-Cartier.<\/p>\n<p>Il laisse dans le deuil outre son \u00e9pouse madame Faby Pedneault Cloutier, ses fils\u00a0: Dany (Chantal M\u00e9thot) et David (Myl\u00e8ne Gaudreault), son petit-fils Andy, ses petites-filles\u00a0: Jessie, Alexane et L\u00e9anne ainsi que sa s\u0153ur Liette, ses beaux-fr\u00e8res, ses belles-s\u0153urs, ses neveux, ses ni\u00e8ces ses cousins, ses cousines et de nombreux ami(e)s.<\/p>\n<p>Vos marques de sympathie peuvent se traduire par un don \u00e0 la Soci\u00e9t\u00e9 Canadienne du cancer <a href=\"http:\/\/www.cancer.ca\">www.cancer.ca<\/a><\/p>\n<p>La famille a confi\u00e9 la direction des fun\u00e9railles aux services professionnels de la maison Mallet &amp; fils du 57, route 138 \u00e0 Port-Cartier, maintenant reconnue Distinction et membre de la Corporation des Thanatologues du Qu\u00e9bec.<\/p>\n<p>Vous pouvez consulter cet avis de d\u00e9c\u00e8s, sur le <a href=\"https:\/\/nouveau.maisonmallet.com\/back05_01\">www.maisonmallet.com<\/a><\/p>\n<p>Ceux et celles qui le d\u00e9sirent, peuvent y envoyer des messages de sympathie.<\/p>\n<p>&nbsp;<\/p>\n<hr \/>\n<p>Envoyer vos condol\u00e9ances<\/p>\n<p>[contact-form to=\u00a0\u00bbrayfab@globetrotter.net\u00a0\u00bb subject=\u00a0\u00bbCondol\u00e9ances Raynald Cloutier\u00a0\u00bb][contact-field label=\u00a0\u00bbVotre nom\u00a0\u00bb type=\u00a0\u00bbname\u00a0\u00bb required=\u00a0\u00bb1&Prime;][contact-field label=\u00a0\u00bbVotre courriel\u00a0\u00bb type=\u00a0\u00bbemail\u00a0\u00bb required=\u00a0\u00bb1&Prime;][contact-field label=\u00a0\u00bbCondol\u00e9ances\u00a0\u00bb type=\u00a0\u00bbtextarea\u00a0\u00bb][\/contact-form]<\/p>\n","protected":false},"featured_media":8307,"template":"","event_cat":[6],"class_list":["post-8102","event","type-event","status-publish","has-post-thumbnail","hentry","event_cat-maison-mallet-et-fils-inc"],"_links":{"self":[{"href":"https:\/\/nouveau.maisonmallet.com\/back05_01\/index.php?rest_route=\/wp\/v2\/event\/8102","targetHints":{"allow":["GET"]}}],"collection":[{"href":"https:\/\/nouveau.maisonmallet.com\/back05_01\/index.php?rest_route=\/wp\/v2\/event"}],"about":[{"href":"https:\/\/nouveau.maisonmallet.com\/back05_01\/index.php?rest_route=\/wp\/v2\/types\/event"}],"wp:featuredmedia":[{"embeddable":true,"href":"https:\/\/nouveau.maisonmallet.com\/back05_01\/index.php?rest_route=\/wp\/v2\/media\/8307"}],"wp:attachment":[{"href":"https:\/\/nouveau.maisonmallet.com\/back05_01\/index.php?rest_route=%2Fwp%2Fv2%2Fmedia&parent=8102"}],"wp:term":[{"taxonomy":"event_cat","embeddable":true,"href":"https:\/\/nouveau.maisonmallet.com\/back05_01\/index.php?rest_route=%2Fwp%2Fv2%2Fevent_cat&post=8102"}],"curies":[{"name":"wp","href":"https:\/\/api.w.org\/{rel}","templated":true}]}}

<p>1940 – 2020</p>
<p>CLOUTIER, Raynald</p>
<p>&nbsp;</p>
<p>À Port-Cartier, le 7 janvier 2020, est décédé à l’âge de 79 ans, monsieur Raynald Cloutier époux de madame Faby Pedneault et domicilié à Port-Cartier.</p>
<p>Les funérailles de monsieur Raynald Cloutier auront lieu le vendredi 10 janvier 2020 à 16 h en l’église Sacré-Cœur située au 38, rue Parent à Port-Cartier.</p>
<p>Selon ses volontés, il a été confié au crématorium de la Maison Mallet &amp; fils pour crémation.</p>
<p>La famille reçoit parents et amis le vendredi 10 janvier 2020 jour des funérailles à compter de 15 h à l’église Sacré-Cœur de Port-Cartier.</p>
<p>Il laisse dans le deuil outre son épouse madame Faby Pedneault Cloutier, ses fils : Dany (Chantal Méthot) et David (Mylène Gaudreault), son petit-fils Andy, ses petites-filles : Jessie, Alexane et Léanne ainsi que sa sœur Liette, ses beaux-frères, ses belles-sœurs, ses neveux, ses nièces ses cousins, ses cousines et de nombreux ami(e)s.</p>
<p>Vos marques de sympathie peuvent se traduire par un don à la Société Canadienne du cancer <a href="http://www.cancer.ca">www.cancer.ca</a></p>
<p>La famille a confié la direction des funérailles aux services professionnels de la maison Mallet &amp; fils du 57, route 138 à Port-Cartier, maintenant reconnue Distinction et membre de la Corporation des Thanatologues du Québec.</p>
<p>Vous pouvez consulter cet avis de décès, sur le <a href="https://nouveau.maisonmallet.com/back05_01">www.maisonmallet.com</a></p>
<p>Ceux et celles qui le désirent, peuvent y envoyer des messages de sympathie.</p>
<p>&nbsp;</p>
<hr />
<p>Envoyer vos condoléances</p>
<p>[contact-form to= »rayfab@globetrotter.net » subject= »Condoléances Raynald Cloutier »][contact-field label= »Votre nom » type= »name » required= »1&Prime;][contact-field label= »Votre courriel » type= »email » required= »1&Prime;][contact-field label= »Condoléances » type= »textarea »][/contact-form]</p>
