{"id":8377,"date":"2020-01-09T23:16:35","date_gmt":"2020-01-10T04:16:35","guid":{"rendered":"https:\/\/nouveau.maisonmallet.com\/?post_type=event&#038;p=8377"},"modified":"2020-01-14T09:15:18","modified_gmt":"2020-01-14T14:15:18","slug":"cormier-benoit","status":"publish","type":"event","link":"https:\/\/nouveau.maisonmallet.com\/back05_01\/?event=cormier-benoit","title":{"rendered":"CORMIER, Benoit"},"content":{"rendered":"<p>1943 \u2013 2020<\/p>\n<p>CORMIER, Benoit<\/p>\n<p>&nbsp;<\/p>\n<p>\u00c0 Sept-\u00celes (maison \u00c9lyme des sables), le 9 janvier 2020, est d\u00e9c\u00e9d\u00e9 \u00e0 l\u2019\u00e2ge de 76 ans, monsieur Benoit Cormier \u00e9poux de madame Pierrette Landry et domicili\u00e9 \u00e0 Sept-\u00celes.<\/p>\n<p>Les fun\u00e9railles de monsieur Benoit Cormier auront lieu le vendredi 17 janvier 2020 \u00e0 10 h 30 en l\u2019\u00e9glise Marie-Immacul\u00e9e situ\u00e9e au 180, rue Papineau \u00e0 Sept-\u00celes.<\/p>\n<p>La famille re\u00e7oit parents et amis le jeudi 16 janvier 2020 de 13 h \u00e0 16 h et de 19 h \u00e0 22 h. Le vendredi 17 janvier 2020 jour des fun\u00e9railles \u00e0 compter de 9 h au Complexe Thanatologique Mallet &amp; fils du 585 Boul. Laure \u00e0 Sept-\u00celes.<\/p>\n<p>Il laisse dans le deuil outre son \u00e9pouse madame Pierrette Landry, ses fils\u00a0: Gilles (Myriam Belzile), Serge (Karine Poulin) et Christian (M\u00e9lanie Poirier), ses petits-fils\u00a0: Louis (Ella Leuzy), Elliot, \u00c9tienne, Mathis, Bastien et Cody, ses petites-filles\u00a0: Marie-Pier et Maya ainsi que ses s\u0153urs\u00a0: Louisette, H\u00e9l\u00e8ne (Dan Lebrun), Nicole (Gisbert Boudreau) et R\u00e9jeane (Dan Cyr), ses beaux-fr\u00e8res, ses belles-s\u0153urs, ses neveux, ses ni\u00e8ces, ses cousins, ses cousines et de nombreux ami(e)s.<\/p>\n<p>Vos marques de sympathie peuvent se traduire par un don \u00e0 l\u2019\u00c9lyme des sables <a href=\"http:\/\/www.elymedessables.com\">www.elymedessables.com<\/a><\/p>\n<p>La famille tient \u00e0 remercier le personnel de l\u2019\u00c9lyme des sables pour l\u2019accueil et la qualit\u00e9 des soins.<\/p>\n<p>La famille a confi\u00e9 la direction des fun\u00e9railles aux services professionnels de la Maison Mallet &amp; fils du 585 boul. Laure \u00e0 Sept-\u00celes, maintenant reconnue Distinction et membre de la Corporation des Thanatologues du Qu\u00e9bec.<\/p>\n<p>Vous pouvez consulter cet avis de d\u00e9c\u00e8s sur le <a href=\"https:\/\/nouveau.maisonmallet.com\/back05_01\">www.maisonmallet.com<\/a><\/p>\n<p>Ceux et celles qui le d\u00e9sirent, peuvent y envoyer des messages de sympathie.<\/p>\n<p>&nbsp;<\/p>\n<hr \/>\n<p>Envoyer vos condol\u00e9ances<\/p>\n<p>[contact-form to=\u00a0\u00bbpilan@globetrotter.net\u00a0\u00bb subject=\u00a0\u00bbCondol\u00e9ances Benoit Cormier\u00a0\u00bb][contact-field label=\u00a0\u00bbVotre nom\u00a0\u00bb type=\u00a0\u00bbname\u00a0\u00bb required=\u00a0\u00bb1&Prime;][contact-field label=\u00a0\u00bbVotre courriel\u00a0\u00bb type=\u00a0\u00bbemail\u00a0\u00bb required=\u00a0\u00bb1&Prime;][contact-field label=\u00a0\u00bbCondol\u00e9ances\u00a0\u00bb type=\u00a0\u00bbtextarea\u00a0\u00bb][\/contact-form]<\/p>\n","protected":false},"featured_media":8593,"template":"","event_cat":[6],"class_list":["post-8377","event","type-event","status-publish","has-post-thumbnail","hentry","event_cat-maison-mallet-et-fils-inc"],"_links":{"self":[{"href":"https:\/\/nouveau.maisonmallet.com\/back05_01\/index.php?rest_route=\/wp\/v2\/event\/8377","targetHints":{"allow":["GET"]}}],"collection":[{"href":"https:\/\/nouveau.maisonmallet.com\/back05_01\/index.php?rest_route=\/wp\/v2\/event"}],"about":[{"href":"https:\/\/nouveau.maisonmallet.com\/back05_01\/index.php?rest_route=\/wp\/v2\/types\/event"}],"wp:featuredmedia":[{"embeddable":true,"href":"https:\/\/nouveau.maisonmallet.com\/back05_01\/index.php?rest_route=\/wp\/v2\/media\/8593"}],"wp:attachment":[{"href":"https:\/\/nouveau.maisonmallet.com\/back05_01\/index.php?rest_route=%2Fwp%2Fv2%2Fmedia&parent=8377"}],"wp:term":[{"taxonomy":"event_cat","embeddable":true,"href":"https:\/\/nouveau.maisonmallet.com\/back05_01\/index.php?rest_route=%2Fwp%2Fv2%2Fevent_cat&post=8377"}],"curies":[{"name":"wp","href":"https:\/\/api.w.org\/{rel}","templated":true}]}}

<p>1943 – 2020</p>
<p>CORMIER, Benoit</p>
<p>&nbsp;</p>
<p>À Sept-Îles (maison Élyme des sables), le 9 janvier 2020, est décédé à l’âge de 76 ans, monsieur Benoit Cormier époux de madame Pierrette Landry et domicilié à Sept-Îles.</p>
<p>Les funérailles de monsieur Benoit Cormier auront lieu le vendredi 17 janvier 2020 à 10 h 30 en l’église Marie-Immaculée située au 180, rue Papineau à Sept-Îles.</p>
<p>La famille reçoit parents et amis le jeudi 16 janvier 2020 de 13 h à 16 h et de 19 h à 22 h. Le vendredi 17 janvier 2020 jour des funérailles à compter de 9 h au Complexe Thanatologique Mallet &amp; fils du 585 Boul. Laure à Sept-Îles.</p>
<p>Il laisse dans le deuil outre son épouse madame Pierrette Landry, ses fils : Gilles (Myriam Belzile), Serge (Karine Poulin) et Christian (Mélanie Poirier), ses petits-fils : Louis (Ella Leuzy), Elliot, Étienne, Mathis, Bastien et Cody, ses petites-filles : Marie-Pier et Maya ainsi que ses sœurs : Louisette, Hélène (Dan Lebrun), Nicole (Gisbert Boudreau) et Réjeane (Dan Cyr), ses beaux-frères, ses belles-sœurs, ses neveux, ses nièces, ses cousins, ses cousines et de nombreux ami(e)s.</p>
<p>Vos marques de sympathie peuvent se traduire par un don à l’Élyme des sables <a href="http://www.elymedessables.com">www.elymedessables.com</a></p>
<p>La famille tient à remercier le personnel de l’Élyme des sables pour l’accueil et la qualité des soins.</p>
<p>La famille a confié la direction des funérailles aux services professionnels de la Maison Mallet &amp; fils du 585 boul. Laure à Sept-Îles, maintenant reconnue Distinction et membre de la Corporation des Thanatologues du Québec.</p>
<p>Vous pouvez consulter cet avis de décès sur le <a href="https://nouveau.maisonmallet.com/back05_01">www.maisonmallet.com</a></p>
<p>Ceux et celles qui le désirent, peuvent y envoyer des messages de sympathie.</p>
<p>&nbsp;</p>
<hr />
<p>Envoyer vos condoléances</p>
<p>[contact-form to= »pilan@globetrotter.net » subject= »Condoléances Benoit Cormier »][contact-field label= »Votre nom » type= »name » required= »1&Prime;][contact-field label= »Votre courriel » type= »email » required= »1&Prime;][contact-field label= »Condoléances » type= »textarea »][/contact-form]</p>
