{"id":8648,"date":"2020-01-17T17:52:28","date_gmt":"2020-01-17T22:52:28","guid":{"rendered":"https:\/\/nouveau.maisonmallet.com\/?post_type=event&#038;p=8648"},"modified":"2020-01-21T10:25:39","modified_gmt":"2020-01-21T15:25:39","slug":"voyer-raymond-marie","status":"publish","type":"event","link":"https:\/\/nouveau.maisonmallet.com\/back05_01\/?event=voyer-raymond-marie","title":{"rendered":"VOYER, Raymond Marie"},"content":{"rendered":"<p>1933 \u2013 2020<\/p>\n<p>VOYER, Raymond Marie<\/p>\n<p>&nbsp;<\/p>\n<p>\u00c0 Sept-\u00celes (maison \u00c9lyme des sables), le 17 janvier 2020, est d\u00e9c\u00e9d\u00e9 \u00e0 l\u2019\u00e2ge de 86 ans, monsieur Raymond Marie Voyer \u00e9poux en 1<sup>er<\/sup> noce de feue Armande Lizotte et en 2<sup>i\u00e8me<\/sup> noce de feue Ir\u00e8ne Turcotte domicili\u00e9 \u00e0 Sept-\u00celes.<\/p>\n<p>Les fun\u00e9railles de monsieur Raymond Marie Voyer auront lieu le vendredi 24 janvier 2020 \u00e0 14 h en l\u2019\u00e9glise Marie-Immacul\u00e9e situ\u00e9e au 180, rue Papineau \u00e0 Sept-\u00celes.<\/p>\n<p>Selon ses volont\u00e9s, il a \u00e9t\u00e9 confi\u00e9 au cr\u00e9matorium de la Maison Mallet &amp; fils pour cr\u00e9mation.<\/p>\n<p>La famille re\u00e7oit parents et amis le vendredi 24 janvier 2020 jour des fun\u00e9railles \u00e0 compter de 13 h 30 \u00e0 l\u2019\u00e9glise Marie-Immacul\u00e9e du 180, rue Papineau \u00e0 Sept-\u00celes.<\/p>\n<p>Il laisse dans le deuil ses filles Huguette (Michel Harrisson) et Manon, son fils Claude (M\u00e9lanie Perreault), sa petite-fille Sabrina (David Barrette), ses petits-fils\u00a0: Jonathan et Fran\u00e7ois (Genevi\u00e8ve Lapierre), ses arri\u00e8re-petits-fils\u00a0: Gabriel et Lo\u00efk ainsi que ses fr\u00e8res, ses s\u0153urs, ses beaux-fr\u00e8res, ses belles-s\u0153urs, ses neveux, ses ni\u00e8ces, ses beaux-enfants et de nombreux ami(e)s.<\/p>\n<p>Vos marques de sympathie peuvent se traduire par un don \u00e0 l\u2019\u00c9lyme des sables <a href=\"http:\/\/www.elymedessables.com\">www.elymedessables.com<\/a><\/p>\n<p>La famille a confi\u00e9 les arrangements aux services professionnels de la Maison Mallet &amp; fils du 585 Boul. Laure \u00e0 Sept-\u00celes, maintenant reconnue Distinction et membre de la Corporation des Thanatologues du Qu\u00e9bec.<\/p>\n<p>Vous pouvez consulter cet avis de d\u00e9c\u00e8s sur le\u00a0: <a href=\"https:\/\/nouveau.maisonmallet.com\/back05_01\">www.maisonmallet.com<\/a><\/p>\n<p>Ceux et celles qui le d\u00e9sirent, peuvent y envoyer des messages de sympathie.<\/p>\n<p>&nbsp;<\/p>\n<p>&nbsp;<\/p>\n<hr \/>\n<p>Envoyer vos condol\u00e9ances<\/p>\n<p>[contact-form to=\u00a0\u00bbmanonvoyer@globetrotter.net\u00a0\u00bb subject=\u00a0\u00bbCondol\u00e9ances Raymond Marie Voyer\u00a0\u00bb][contact-field label=\u00a0\u00bbVotre nom\u00a0\u00bb type=\u00a0\u00bbname\u00a0\u00bb required=\u00a0\u00bb1&Prime;][contact-field label=\u00a0\u00bbVotre courriel\u00a0\u00bb type=\u00a0\u00bbemail\u00a0\u00bb required=\u00a0\u00bb1&Prime;][contact-field label=\u00a0\u00bbCondol\u00e9ances\u00a0\u00bb type=\u00a0\u00bbtextarea\u00a0\u00bb][\/contact-form]<\/p>\n","protected":false},"featured_media":8773,"template":"","event_cat":[6],"class_list":["post-8648","event","type-event","status-publish","has-post-thumbnail","hentry","event_cat-maison-mallet-et-fils-inc"],"_links":{"self":[{"href":"https:\/\/nouveau.maisonmallet.com\/back05_01\/index.php?rest_route=\/wp\/v2\/event\/8648","targetHints":{"allow":["GET"]}}],"collection":[{"href":"https:\/\/nouveau.maisonmallet.com\/back05_01\/index.php?rest_route=\/wp\/v2\/event"}],"about":[{"href":"https:\/\/nouveau.maisonmallet.com\/back05_01\/index.php?rest_route=\/wp\/v2\/types\/event"}],"wp:featuredmedia":[{"embeddable":true,"href":"https:\/\/nouveau.maisonmallet.com\/back05_01\/index.php?rest_route=\/wp\/v2\/media\/8773"}],"wp:attachment":[{"href":"https:\/\/nouveau.maisonmallet.com\/back05_01\/index.php?rest_route=%2Fwp%2Fv2%2Fmedia&parent=8648"}],"wp:term":[{"taxonomy":"event_cat","embeddable":true,"href":"https:\/\/nouveau.maisonmallet.com\/back05_01\/index.php?rest_route=%2Fwp%2Fv2%2Fevent_cat&post=8648"}],"curies":[{"name":"wp","href":"https:\/\/api.w.org\/{rel}","templated":true}]}}

<p>1933 – 2020</p>
<p>VOYER, Raymond Marie</p>
<p>&nbsp;</p>
<p>À Sept-Îles (maison Élyme des sables), le 17 janvier 2020, est décédé à l’âge de 86 ans, monsieur Raymond Marie Voyer époux en 1<sup>er</sup> noce de feue Armande Lizotte et en 2<sup>ième</sup> noce de feue Irène Turcotte domicilié à Sept-Îles.</p>
<p>Les funérailles de monsieur Raymond Marie Voyer auront lieu le vendredi 24 janvier 2020 à 14 h en l’église Marie-Immaculée située au 180, rue Papineau à Sept-Îles.</p>
<p>Selon ses volontés, il a été confié au crématorium de la Maison Mallet &amp; fils pour crémation.</p>
<p>La famille reçoit parents et amis le vendredi 24 janvier 2020 jour des funérailles à compter de 13 h 30 à l’église Marie-Immaculée du 180, rue Papineau à Sept-Îles.</p>
<p>Il laisse dans le deuil ses filles Huguette (Michel Harrisson) et Manon, son fils Claude (Mélanie Perreault), sa petite-fille Sabrina (David Barrette), ses petits-fils : Jonathan et François (Geneviève Lapierre), ses arrière-petits-fils : Gabriel et Loïk ainsi que ses frères, ses sœurs, ses beaux-frères, ses belles-sœurs, ses neveux, ses nièces, ses beaux-enfants et de nombreux ami(e)s.</p>
<p>Vos marques de sympathie peuvent se traduire par un don à l’Élyme des sables <a href="http://www.elymedessables.com">www.elymedessables.com</a></p>
<p>La famille a confié les arrangements aux services professionnels de la Maison Mallet &amp; fils du 585 Boul. Laure à Sept-Îles, maintenant reconnue Distinction et membre de la Corporation des Thanatologues du Québec.</p>
<p>Vous pouvez consulter cet avis de décès sur le : <a href="https://nouveau.maisonmallet.com/back05_01">www.maisonmallet.com</a></p>
<p>Ceux et celles qui le désirent, peuvent y envoyer des messages de sympathie.</p>
<p>&nbsp;</p>
<p>&nbsp;</p>
<hr />
<p>Envoyer vos condoléances</p>
<p>[contact-form to= »manonvoyer@globetrotter.net » subject= »Condoléances Raymond Marie Voyer »][contact-field label= »Votre nom » type= »name » required= »1&Prime;][contact-field label= »Votre courriel » type= »email » required= »1&Prime;][contact-field label= »Condoléances » type= »textarea »][/contact-form]</p>
