{"id":8820,"date":"2020-01-19T16:55:04","date_gmt":"2020-01-19T21:55:04","guid":{"rendered":"https:\/\/nouveau.maisonmallet.com\/?post_type=event&#038;p=8820"},"modified":"2020-01-25T09:03:32","modified_gmt":"2020-01-25T14:03:32","slug":"martin-dominique","status":"publish","type":"event","link":"https:\/\/nouveau.maisonmallet.com\/back05_01\/?event=martin-dominique","title":{"rendered":"MARTIN, Dominique"},"content":{"rendered":"<p>1949 &#8211; 2020<\/p>\n<p>MARTIN, Dominique<\/p>\n<p>&nbsp;<\/p>\n<p>\u00c0 Qu\u00e9bec, le 19 janvier 2020, est d\u00e9c\u00e9d\u00e9 l\u2019\u00e2ge de 70 ans, monsieur Dominique Martin \u00e9poux de madame Marie-Jeanne Mullen et domicili\u00e9 \u00e0 La Romaine.<\/p>\n<p>Les fun\u00e9railles de monsieur Dominique Martin auront lieu le lundi 27 janvier 2020 \u00e0 10 h en l\u2019\u00e9glise Marie-Reine-des-Indiens \u00e0 La Romaine et de l\u00e0 au cimeti\u00e8re de l\u2019endroit.<\/p>\n<p>La famille re\u00e7oit parents et amis le vendredi 24 janvier 2020 \u00e0 compter de 13 h au 33, rue Tshakapesh \u00e0 La Romaine.<\/p>\n<p>Il laisse dans le deuil outre son \u00e9pouse madame Marie-Jeanne Mullen, ses filles\u00a0: Claudette, Julianna, Kecia (Darell Vollant) et Johanna (jason Malec), ses fils\u00a0: Nelson (Jenny Menicapo) et Penashue, ses neuf petits-enfants, ses cinq arri\u00e8re-petits-enfants ainsi que ses fr\u00e8res, sa s\u0153ur, ses beaux-fr\u00e8res, ses belles-s\u0153urs, ses neveux, ses ni\u00e8ces, son oncle, ses tantes, ses cousins, ses cousines et de nombreux ami(e)s.<\/p>\n<p>Il \u00e9tait le grand-p\u00e8re de feu Jordan et l\u2019arri\u00e8re-grand-p\u00e8re de feu Leyton.<\/p>\n<p>La famille a confi\u00e9 les arrangements aux services professionnels de la Maison Mallet &amp; fils du 585, boul. Laure \u00e0 Sept-\u00celes, maintenant reconnue Distinction et membre de la Corporation des Thanatologues du Qu\u00e9bec.<\/p>\n<p>Vous pouvez consulter cet avis de d\u00e9c\u00e8s, sur le <a href=\"https:\/\/nouveau.maisonmallet.com\/back05_01\">www.maisonmallet.com<\/a><\/p>\n<p>Ceux et celles qui le d\u00e9sirent, peuvent y envoyer des messages de sympathie.<\/p>\n<hr \/>\n<p>Envoyer vos condol\u00e9ances<\/p>\n<p>[contact-form to=\u00a0\u00bbnelson.warriors1975@gmail.com\u00a0\u00bb subject=\u00a0\u00bbCondol\u00e9ances Dominique Martin\u00a0\u00bb][contact-field label=\u00a0\u00bbVotre nom\u00a0\u00bb type=\u00a0\u00bbname\u00a0\u00bb required=\u00a0\u00bb1&Prime;][contact-field label=\u00a0\u00bbVotre courriel\u00a0\u00bb type=\u00a0\u00bbemail\u00a0\u00bb required=\u00a0\u00bb1&Prime;][contact-field label=\u00a0\u00bbCondol\u00e9ances\u00a0\u00bb type=\u00a0\u00bbtextarea\u00a0\u00bb][\/contact-form]<\/p>\n","protected":false},"featured_media":8811,"template":"","event_cat":[6],"class_list":["post-8820","event","type-event","status-publish","has-post-thumbnail","hentry","event_cat-maison-mallet-et-fils-inc"],"_links":{"self":[{"href":"https:\/\/nouveau.maisonmallet.com\/back05_01\/index.php?rest_route=\/wp\/v2\/event\/8820","targetHints":{"allow":["GET"]}}],"collection":[{"href":"https:\/\/nouveau.maisonmallet.com\/back05_01\/index.php?rest_route=\/wp\/v2\/event"}],"about":[{"href":"https:\/\/nouveau.maisonmallet.com\/back05_01\/index.php?rest_route=\/wp\/v2\/types\/event"}],"wp:featuredmedia":[{"embeddable":true,"href":"https:\/\/nouveau.maisonmallet.com\/back05_01\/index.php?rest_route=\/wp\/v2\/media\/8811"}],"wp:attachment":[{"href":"https:\/\/nouveau.maisonmallet.com\/back05_01\/index.php?rest_route=%2Fwp%2Fv2%2Fmedia&parent=8820"}],"wp:term":[{"taxonomy":"event_cat","embeddable":true,"href":"https:\/\/nouveau.maisonmallet.com\/back05_01\/index.php?rest_route=%2Fwp%2Fv2%2Fevent_cat&post=8820"}],"curies":[{"name":"wp","href":"https:\/\/api.w.org\/{rel}","templated":true}]}}

<p>1949 &#8211; 2020</p>
<p>MARTIN, Dominique</p>
<p>&nbsp;</p>
<p>À Québec, le 19 janvier 2020, est décédé l’âge de 70 ans, monsieur Dominique Martin époux de madame Marie-Jeanne Mullen et domicilié à La Romaine.</p>
<p>Les funérailles de monsieur Dominique Martin auront lieu le lundi 27 janvier 2020 à 10 h en l’église Marie-Reine-des-Indiens à La Romaine et de là au cimetière de l’endroit.</p>
<p>La famille reçoit parents et amis le vendredi 24 janvier 2020 à compter de 13 h au 33, rue Tshakapesh à La Romaine.</p>
<p>Il laisse dans le deuil outre son épouse madame Marie-Jeanne Mullen, ses filles : Claudette, Julianna, Kecia (Darell Vollant) et Johanna (jason Malec), ses fils : Nelson (Jenny Menicapo) et Penashue, ses neuf petits-enfants, ses cinq arrière-petits-enfants ainsi que ses frères, sa sœur, ses beaux-frères, ses belles-sœurs, ses neveux, ses nièces, son oncle, ses tantes, ses cousins, ses cousines et de nombreux ami(e)s.</p>
<p>Il était le grand-père de feu Jordan et l’arrière-grand-père de feu Leyton.</p>
<p>La famille a confié les arrangements aux services professionnels de la Maison Mallet &amp; fils du 585, boul. Laure à Sept-Îles, maintenant reconnue Distinction et membre de la Corporation des Thanatologues du Québec.</p>
<p>Vous pouvez consulter cet avis de décès, sur le <a href="https://nouveau.maisonmallet.com/back05_01">www.maisonmallet.com</a></p>
<p>Ceux et celles qui le désirent, peuvent y envoyer des messages de sympathie.</p>
<hr />
<p>Envoyer vos condoléances</p>
<p>[contact-form to= »nelson.warriors1975@gmail.com » subject= »Condoléances Dominique Martin »][contact-field label= »Votre nom » type= »name » required= »1&Prime;][contact-field label= »Votre courriel » type= »email » required= »1&Prime;][contact-field label= »Condoléances » type= »textarea »][/contact-form]</p>
