{"id":8958,"date":"2020-01-27T09:42:28","date_gmt":"2020-01-27T14:42:28","guid":{"rendered":"https:\/\/nouveau.maisonmallet.com\/?post_type=event&#038;p=8958"},"modified":"2020-01-29T09:50:31","modified_gmt":"2020-01-29T14:50:31","slug":"martin-poon","status":"publish","type":"event","link":"https:\/\/nouveau.maisonmallet.com\/back05_01\/?event=martin-poon","title":{"rendered":"MARTIN, Poon"},"content":{"rendered":"<p>1945 &#8211; 2020<\/p>\n<p>MARTIN, Poon<\/p>\n<p>&nbsp;<\/p>\n<p>\u00c0 Sept-\u00celes (r\u00e9sidence Gustave Gaudreau), le 27 janvier 2020, est d\u00e9c\u00e9d\u00e9 l\u2019\u00e2ge de 74 ans, monsieur Poon Martin fils de feu Xavier Martin et de madame \u00c9lizabeth Bellefleur domicili\u00e9 \u00e0 Sept-\u00celes.<\/p>\n<p>Les fun\u00e9railles de monsieur Poon Martin auront lieu le samedi 1<sup>er<\/sup> f\u00e9vrier 2020 \u00e0 10 h en l\u2019\u00e9glise Marie-Reine-des-Indiens \u00e0 La Romaine et de l\u00e0 au cimeti\u00e8re de l\u2019endroit.<\/p>\n<p>La famille re\u00e7oit parents et amis le jeudi 30 janvier 2020 \u00e0 compter de 13 h au 21, rue Paoustuk \u00e0 La Romaine.<\/p>\n<p>Il laisse dans le deuil sa m\u00e8re madame \u00c9lizabeth Bellefleur (feu Xavier Martin), sa s\u0153ur Marie-Alice, ses fr\u00e8res\u00a0: Andr\u00e9 (D\u00e9lima Bellefleur), Achille (Lorraine Lalo), Gabriel (Th\u00e9r\u00e8se Lalo) et R\u00e9mi ainsi que ses neveux, ses ni\u00e8ces, ses cousins, ses cousines et de nombreux ami(e)s.<\/p>\n<p>La famille a confi\u00e9 les arrangements aux services professionnels de la Maison Mallet &amp; fils du 585, boul. Laure \u00e0 Sept-\u00celes, maintenant reconnue Distinction et membre de la Corporation des Thanatologues du Qu\u00e9bec.<\/p>\n<p>Vous pouvez consulter cet avis de d\u00e9c\u00e8s, sur le <a href=\"https:\/\/nouveau.maisonmallet.com\/back05_01\/\">www.maisonmallet.com<\/a><\/p>\n<p>Ceux et celles qui le d\u00e9sirent, peuvent y envoyer des messages de sympathie.<\/p>\n<p>&nbsp;<\/p>\n<hr \/>\n<p>Envoyer vos condol\u00e9ances<\/p>\n<p>[contact-form to=\u00a0\u00bbloucie15@hotmail.com\u00a0\u00bb subject=\u00a0\u00bbCondol\u00e9ances Poon Martin\u00a0\u00bb][contact-field label=\u00a0\u00bbVotre nom\u00a0\u00bb type=\u00a0\u00bbname\u00a0\u00bb required=\u00a0\u00bb1&Prime;][contact-field label=\u00a0\u00bbVotre courriel\u00a0\u00bb type=\u00a0\u00bbemail\u00a0\u00bb required=\u00a0\u00bb1&Prime;][contact-field label=\u00a0\u00bbCondol\u00e9ances\u00a0\u00bb type=\u00a0\u00bbtextarea\u00a0\u00bb][\/contact-form]<\/p>\n","protected":false},"featured_media":9005,"template":"","event_cat":[6],"class_list":["post-8958","event","type-event","status-publish","has-post-thumbnail","hentry","event_cat-maison-mallet-et-fils-inc"],"_links":{"self":[{"href":"https:\/\/nouveau.maisonmallet.com\/back05_01\/index.php?rest_route=\/wp\/v2\/event\/8958","targetHints":{"allow":["GET"]}}],"collection":[{"href":"https:\/\/nouveau.maisonmallet.com\/back05_01\/index.php?rest_route=\/wp\/v2\/event"}],"about":[{"href":"https:\/\/nouveau.maisonmallet.com\/back05_01\/index.php?rest_route=\/wp\/v2\/types\/event"}],"wp:featuredmedia":[{"embeddable":true,"href":"https:\/\/nouveau.maisonmallet.com\/back05_01\/index.php?rest_route=\/wp\/v2\/media\/9005"}],"wp:attachment":[{"href":"https:\/\/nouveau.maisonmallet.com\/back05_01\/index.php?rest_route=%2Fwp%2Fv2%2Fmedia&parent=8958"}],"wp:term":[{"taxonomy":"event_cat","embeddable":true,"href":"https:\/\/nouveau.maisonmallet.com\/back05_01\/index.php?rest_route=%2Fwp%2Fv2%2Fevent_cat&post=8958"}],"curies":[{"name":"wp","href":"https:\/\/api.w.org\/{rel}","templated":true}]}}

<p>1945 &#8211; 2020</p>
<p>MARTIN, Poon</p>
<p>&nbsp;</p>
<p>À Sept-Îles (résidence Gustave Gaudreau), le 27 janvier 2020, est décédé l’âge de 74 ans, monsieur Poon Martin fils de feu Xavier Martin et de madame Élizabeth Bellefleur domicilié à Sept-Îles.</p>
<p>Les funérailles de monsieur Poon Martin auront lieu le samedi 1<sup>er</sup> février 2020 à 10 h en l’église Marie-Reine-des-Indiens à La Romaine et de là au cimetière de l’endroit.</p>
<p>La famille reçoit parents et amis le jeudi 30 janvier 2020 à compter de 13 h au 21, rue Paoustuk à La Romaine.</p>
<p>Il laisse dans le deuil sa mère madame Élizabeth Bellefleur (feu Xavier Martin), sa sœur Marie-Alice, ses frères : André (Délima Bellefleur), Achille (Lorraine Lalo), Gabriel (Thérèse Lalo) et Rémi ainsi que ses neveux, ses nièces, ses cousins, ses cousines et de nombreux ami(e)s.</p>
<p>La famille a confié les arrangements aux services professionnels de la Maison Mallet &amp; fils du 585, boul. Laure à Sept-Îles, maintenant reconnue Distinction et membre de la Corporation des Thanatologues du Québec.</p>
<p>Vous pouvez consulter cet avis de décès, sur le <a href="https://nouveau.maisonmallet.com/back05_01/">www.maisonmallet.com</a></p>
<p>Ceux et celles qui le désirent, peuvent y envoyer des messages de sympathie.</p>
<p>&nbsp;</p>
<hr />
<p>Envoyer vos condoléances</p>
<p>[contact-form to= »loucie15@hotmail.com » subject= »Condoléances Poon Martin »][contact-field label= »Votre nom » type= »name » required= »1&Prime;][contact-field label= »Votre courriel » type= »email » required= »1&Prime;][contact-field label= »Condoléances » type= »textarea »][/contact-form]</p>
