{"id":9186,"date":"2020-02-03T17:08:47","date_gmt":"2020-02-03T22:08:47","guid":{"rendered":"https:\/\/nouveau.maisonmallet.com\/?post_type=event&#038;p=9186"},"modified":"2020-02-03T17:14:49","modified_gmt":"2020-02-03T22:14:49","slug":"gauthier-mireille","status":"publish","type":"event","link":"https:\/\/nouveau.maisonmallet.com\/back05_01\/?event=gauthier-mireille","title":{"rendered":"GAUTHIER, Mireille"},"content":{"rendered":"<p>1962 &#8211; 2020<\/p>\n<p>GAUTHIER, Mireille<\/p>\n<p>&nbsp;<\/p>\n<p>\u00c0 Port-Cartier, le 3 f\u00e9vrier 2020, est d\u00e9c\u00e9d\u00e9e \u00e0 l\u2019\u00e2ge de 57 ans, madame Mireille Gauthier fille de feu Charles Gauthier et de feue Mary Desch\u00eanes domicili\u00e9e \u00e0 Port-Cartier.<\/p>\n<p>Les fun\u00e9railles de madame Mireille Gauthier auront lieu le jeudi 6 f\u00e9vrier 2020 \u00e0 14 h en l\u2019\u00e9glise Sacr\u00e9-C\u0153ur situ\u00e9e au 38, rue Parent \u00e0 Port-Cartier.<\/p>\n<p>Selon ses volont\u00e9s, elle a \u00e9t\u00e9 confi\u00e9e au cr\u00e9matorium de la Maison Mallet &amp; fils pour cr\u00e9mation.<\/p>\n<p>La famille re\u00e7oit parents et amis le jeudi 6 f\u00e9vrier 2020 jour des fun\u00e9railles \u00e0 compter de 12 h au Complexe Thanatologique Mallet &amp; fils du 57, route 138 \u00e0 Port-Cartier.<\/p>\n<p>Elle laisse dans le deuil son fils Martin, sa fille Tina, son petit-fils Philippe ainsi que ses fr\u00e8res, ses s\u0153urs, ses beaux-fr\u00e8res, ses belles-s\u0153urs, ses neveux, ses ni\u00e8ces, ses cousins, ses cousines et de nombreux ami(e)s.<\/p>\n<p>La famille a confi\u00e9 la direction des fun\u00e9railles aux services professionnels de la maison Mallet &amp; fils du 57, route 138 \u00e0 Port-Cartier, maintenant reconnue Distinction et membre de la Corporation des Thanatologues du Qu\u00e9bec.<\/p>\n<p>Vous pouvez consulter cet avis de d\u00e9c\u00e8s, sur le <a href=\"https:\/\/nouveau.maisonmallet.com\/back05_01\">www.maisonmallet.com<\/a><\/p>\n<p>Ceux et celles qui le d\u00e9sirent, peuvent y envoyer des messages de sympathie.<\/p>\n<p>&nbsp;<\/p>\n<hr \/>\n<p>Envoyer vos condol\u00e9ances<\/p>\n<p>[contact-form to=\u00a0\u00bbezeliegauthier@gmail.com\u00a0\u00bb subject=\u00a0\u00bbCondol\u00e9ances Mireille Gauthier\u00a0\u00bb][contact-field label=\u00a0\u00bbVotre nom\u00a0\u00bb type=\u00a0\u00bbname\u00a0\u00bb required=\u00a0\u00bb1&Prime;][contact-field label=\u00a0\u00bbVotre courriel\u00a0\u00bb type=\u00a0\u00bbemail\u00a0\u00bb required=\u00a0\u00bb1&Prime;][contact-field label=\u00a0\u00bbCondol\u00e9ances\u00a0\u00bb type=\u00a0\u00bbtextarea\u00a0\u00bb][\/contact-form]<\/p>\n","protected":false},"featured_media":9224,"template":"","event_cat":[6],"class_list":["post-9186","event","type-event","status-publish","has-post-thumbnail","hentry","event_cat-maison-mallet-et-fils-inc"],"_links":{"self":[{"href":"https:\/\/nouveau.maisonmallet.com\/back05_01\/index.php?rest_route=\/wp\/v2\/event\/9186","targetHints":{"allow":["GET"]}}],"collection":[{"href":"https:\/\/nouveau.maisonmallet.com\/back05_01\/index.php?rest_route=\/wp\/v2\/event"}],"about":[{"href":"https:\/\/nouveau.maisonmallet.com\/back05_01\/index.php?rest_route=\/wp\/v2\/types\/event"}],"wp:featuredmedia":[{"embeddable":true,"href":"https:\/\/nouveau.maisonmallet.com\/back05_01\/index.php?rest_route=\/wp\/v2\/media\/9224"}],"wp:attachment":[{"href":"https:\/\/nouveau.maisonmallet.com\/back05_01\/index.php?rest_route=%2Fwp%2Fv2%2Fmedia&parent=9186"}],"wp:term":[{"taxonomy":"event_cat","embeddable":true,"href":"https:\/\/nouveau.maisonmallet.com\/back05_01\/index.php?rest_route=%2Fwp%2Fv2%2Fevent_cat&post=9186"}],"curies":[{"name":"wp","href":"https:\/\/api.w.org\/{rel}","templated":true}]}}

<p>1962 &#8211; 2020</p>
<p>GAUTHIER, Mireille</p>
<p>&nbsp;</p>
<p>À Port-Cartier, le 3 février 2020, est décédée à l’âge de 57 ans, madame Mireille Gauthier fille de feu Charles Gauthier et de feue Mary Deschênes domiciliée à Port-Cartier.</p>
<p>Les funérailles de madame Mireille Gauthier auront lieu le jeudi 6 février 2020 à 14 h en l’église Sacré-Cœur située au 38, rue Parent à Port-Cartier.</p>
<p>Selon ses volontés, elle a été confiée au crématorium de la Maison Mallet &amp; fils pour crémation.</p>
<p>La famille reçoit parents et amis le jeudi 6 février 2020 jour des funérailles à compter de 12 h au Complexe Thanatologique Mallet &amp; fils du 57, route 138 à Port-Cartier.</p>
<p>Elle laisse dans le deuil son fils Martin, sa fille Tina, son petit-fils Philippe ainsi que ses frères, ses sœurs, ses beaux-frères, ses belles-sœurs, ses neveux, ses nièces, ses cousins, ses cousines et de nombreux ami(e)s.</p>
<p>La famille a confié la direction des funérailles aux services professionnels de la maison Mallet &amp; fils du 57, route 138 à Port-Cartier, maintenant reconnue Distinction et membre de la Corporation des Thanatologues du Québec.</p>
<p>Vous pouvez consulter cet avis de décès, sur le <a href="https://nouveau.maisonmallet.com/back05_01">www.maisonmallet.com</a></p>
<p>Ceux et celles qui le désirent, peuvent y envoyer des messages de sympathie.</p>
<p>&nbsp;</p>
<hr />
<p>Envoyer vos condoléances</p>
<p>[contact-form to= »ezeliegauthier@gmail.com » subject= »Condoléances Mireille Gauthier »][contact-field label= »Votre nom » type= »name » required= »1&Prime;][contact-field label= »Votre courriel » type= »email » required= »1&Prime;][contact-field label= »Condoléances » type= »textarea »][/contact-form]</p>
