{"id":9221,"date":"2020-02-05T15:39:57","date_gmt":"2020-02-05T20:39:57","guid":{"rendered":"https:\/\/nouveau.maisonmallet.com\/?post_type=event&#038;p=9221"},"modified":"2020-02-07T15:50:51","modified_gmt":"2020-02-07T20:50:51","slug":"gallant-hermionne-deraps","status":"publish","type":"event","link":"https:\/\/nouveau.maisonmallet.com\/back05_01\/?event=gallant-hermionne-deraps","title":{"rendered":"GALLANT, Hermionne (D\u00e9raps)"},"content":{"rendered":"<p>1934-2020<\/p>\n<p>&nbsp;<\/p>\n<p>\u00c0 Havre-Saint-Pierre, le 5 f\u00e9vrier 2020, est d\u00e9c\u00e9d\u00e9e \u00e0 l\u2019\u00e2ge de 85 ans et 1 mois, madame Hermionne Gallant \u00e9pouse de feu L\u00e9onidas D\u00e9raps et domicili\u00e9e \u00e0 Aguanish.<\/p>\n<p>Les fun\u00e9railles de madame Hermionne Gallant D\u00e9raps auront lieu le lundi 10 f\u00e9vrier 2020 \u00e0 11 h 00 en l\u2019\u00e9glise Marie-M\u00e8re-de-l\u2019\u00c9glise d\u2019Aguanish et l\u2019inhumation au cimeti\u00e8re de l\u2019endroit.<\/p>\n<p>La famille re\u00e7oit parents et amis le dimanche 9 f\u00e9vrier 2020 de 19 h \u00e0 22 h. Le lundi 10 f\u00e9vrier 2020 jour des fun\u00e9railles \u00e0 compter de 9 h \u00e0 l\u2019\u00c9glise d\u2019Aguanish.<\/p>\n<p>Elle laisse dans le deuil ses filles\u00a0: Guylaine (Albert Vibert), Suzanne, Corine (Andr\u00e9 Vigneault) et Nadia (Raymond Boudreau), ses fils\u00a0: Nicolas (Ghislaine Boudreau) et Camil (Louiselle Blais), ses dix-sept petits-enfants, ses quatorze arri\u00e8res petits-enfants, sa s\u0153ur C\u00e9cile, son fr\u00e8re Jean-Marc (Jacqueline Boudreau), ses beaux-fr\u00e8res, ses belles-s\u0153urs,\u00a0 ses neveux, ses ni\u00e8ces, et de nombreux ami(e)s.<\/p>\n<p>Vos marques de sympathie peuvent se traduire par un don \u00e0 la fondation du centre de sant\u00e9 de la Minganie.<\/p>\n<p>La famille a confi\u00e9 la direction des fun\u00e9railles aux services professionnels de la Maison L.J.G. Mallet du 1429, rue du Canot \u00e0 Havre-Saint-Pierre, maintenant reconnue Distinction et membre de la Corporation des Thanatologues du Qu\u00e9bec.<\/p>\n<p>Vous pouvez consulter cet avis de d\u00e9c\u00e8s sur le <a href=\"https:\/\/nouveau.maisonmallet.com\/back05_01\">www.maisonmallet.com<\/a><\/p>\n<p>Ceux et celles qui le d\u00e9sirent, peuvent y envoyer des messages de sympathie.<\/p>\n<p>&nbsp;<\/p>\n<p>&nbsp;<\/p>\n<hr \/>\n<p>Envoyer vos condol\u00e9ances<\/p>\n<p>[contact-form to=\u00a0\u00bbnadia.deraps@outlook.fr\u00a0\u00bb subject=\u00a0\u00bbCondol\u00e9ances Hermionne Gallant\u00a0\u00bb][contact-field label=\u00a0\u00bbVotre nom\u00a0\u00bb type=\u00a0\u00bbname\u00a0\u00bb required=\u00a0\u00bb1&Prime;][contact-field label=\u00a0\u00bbVotre courriel\u00a0\u00bb type=\u00a0\u00bbemail\u00a0\u00bb required=\u00a0\u00bb1&Prime;][contact-field label=\u00a0\u00bbCondol\u00e9ances\u00a0\u00bb type=\u00a0\u00bbtextarea\u00a0\u00bb][\/contact-form]<\/p>\n","protected":false},"featured_media":9389,"template":"","event_cat":[7],"class_list":["post-9221","event","type-event","status-publish","has-post-thumbnail","hentry","event_cat-maison-l-j-g-mallet-inc"],"_links":{"self":[{"href":"https:\/\/nouveau.maisonmallet.com\/back05_01\/index.php?rest_route=\/wp\/v2\/event\/9221","targetHints":{"allow":["GET"]}}],"collection":[{"href":"https:\/\/nouveau.maisonmallet.com\/back05_01\/index.php?rest_route=\/wp\/v2\/event"}],"about":[{"href":"https:\/\/nouveau.maisonmallet.com\/back05_01\/index.php?rest_route=\/wp\/v2\/types\/event"}],"wp:featuredmedia":[{"embeddable":true,"href":"https:\/\/nouveau.maisonmallet.com\/back05_01\/index.php?rest_route=\/wp\/v2\/media\/9389"}],"wp:attachment":[{"href":"https:\/\/nouveau.maisonmallet.com\/back05_01\/index.php?rest_route=%2Fwp%2Fv2%2Fmedia&parent=9221"}],"wp:term":[{"taxonomy":"event_cat","embeddable":true,"href":"https:\/\/nouveau.maisonmallet.com\/back05_01\/index.php?rest_route=%2Fwp%2Fv2%2Fevent_cat&post=9221"}],"curies":[{"name":"wp","href":"https:\/\/api.w.org\/{rel}","templated":true}]}}

GALLANT, Hermionne (Déraps)

<p>1934-2020</p>
<p>&nbsp;</p>
<p>À Havre-Saint-Pierre, le 5 février 2020, est décédée à l’âge de 85 ans et 1 mois, madame Hermionne Gallant épouse de feu Léonidas Déraps et domiciliée à Aguanish.</p>
<p>Les funérailles de madame Hermionne Gallant Déraps auront lieu le lundi 10 février 2020 à 11 h 00 en l’église Marie-Mère-de-l’Église d’Aguanish et l’inhumation au cimetière de l’endroit.</p>
<p>La famille reçoit parents et amis le dimanche 9 février 2020 de 19 h à 22 h. Le lundi 10 février 2020 jour des funérailles à compter de 9 h à l’Église d’Aguanish.</p>
<p>Elle laisse dans le deuil ses filles : Guylaine (Albert Vibert), Suzanne, Corine (André Vigneault) et Nadia (Raymond Boudreau), ses fils : Nicolas (Ghislaine Boudreau) et Camil (Louiselle Blais), ses dix-sept petits-enfants, ses quatorze arrières petits-enfants, sa sœur Cécile, son frère Jean-Marc (Jacqueline Boudreau), ses beaux-frères, ses belles-sœurs,  ses neveux, ses nièces, et de nombreux ami(e)s.</p>
<p>Vos marques de sympathie peuvent se traduire par un don à la fondation du centre de santé de la Minganie.</p>
<p>La famille a confié la direction des funérailles aux services professionnels de la Maison L.J.G. Mallet du 1429, rue du Canot à Havre-Saint-Pierre, maintenant reconnue Distinction et membre de la Corporation des Thanatologues du Québec.</p>
<p>Vous pouvez consulter cet avis de décès sur le <a href="https://nouveau.maisonmallet.com/back05_01">www.maisonmallet.com</a></p>
<p>Ceux et celles qui le désirent, peuvent y envoyer des messages de sympathie.</p>
<p>&nbsp;</p>
<p>&nbsp;</p>
<hr />
<p>Envoyer vos condoléances</p>
<p>[contact-form to= »nadia.deraps@outlook.fr » subject= »Condoléances Hermionne Gallant »][contact-field label= »Votre nom » type= »name » required= »1&Prime;][contact-field label= »Votre courriel » type= »email » required= »1&Prime;][contact-field label= »Condoléances » type= »textarea »][/contact-form]</p>
