{"id":9388,"date":"2020-02-01T17:28:56","date_gmt":"2020-02-01T22:28:56","guid":{"rendered":"https:\/\/nouveau.maisonmallet.com\/?post_type=event&#038;p=9388"},"modified":"2020-02-10T08:48:58","modified_gmt":"2020-02-10T13:48:58","slug":"stubbert-howard","status":"publish","type":"event","link":"https:\/\/nouveau.maisonmallet.com\/back05_01\/?event=stubbert-howard","title":{"rendered":"STUBBERT, Howard"},"content":{"rendered":"<p>1963 &#8211; 2020<\/p>\n<p>STUBBERT, Howard<\/p>\n<p>&nbsp;<\/p>\n<p>\u00c0 Chute-aux-Outardes, le 1<sup>er<\/sup> f\u00e9vrier 2020, est d\u00e9c\u00e9d\u00e9 accidentellement \u00e0 l\u2019\u00e2ge de 56 ans, monsieur Howard Stubbert \u00e9poux de madame Sylvie Deraspe et domicili\u00e9 \u00e0 Ragueneau.<\/p>\n<p>&nbsp;<\/p>\n<p>Les fun\u00e9railles de monsieur Howard Stubbert auront lieu le mercredi 12 f\u00e9vrier 2020 \u00e0 10 h 30 en l\u2019\u00e9glise St-Joseph situ\u00e9e au 535, ave. Brochu \u00e0 Sept-\u00celes et de l\u00e0 au cr\u00e9matorium de la maison Mallet &amp; fils pour cr\u00e9mation.<\/p>\n<p>&nbsp;<\/p>\n<p>La famille re\u00e7oit parents et amis le mardi 11 f\u00e9vrier 2020 de 13 h \u00e0 16 h et de 19 h \u00e0 22 h. Le mercredi 12 f\u00e9vrier 2020 jour des fun\u00e9railles \u00e0 compter de 9 h au Complexe Thanatologique Mallet &amp; fils du 585, boul. Laure \u00e0 Sept-\u00celes.<\/p>\n<p>&nbsp;<\/p>\n<p>Il laisse dans le deuil outre son \u00e9pouse madame Sylvie Deraspe, son fils Bobby (Marie-Rapha\u00eblle Minville), sa fille Jos\u00e9e (Benoit Gravel), ses petits-fils\u00a0: Samuel, Zachary et Alexy, son p\u00e8re monsieur Riley Stubbert (feue Veronica Nadeau), ses s\u0153urs\u00a0: Suzie (Paul Strickland) et Gillian (Austin Organ), son fr\u00e8re Elwood (Nathalie Marie St-Martin) ainsi que sa belle-m\u00e8re madame France L\u00e9vesque (feu Jacques Deraspe), ses oncles, ses tantes, ses neveux, ses ni\u00e8ces, ses cousins, ses cousines et de nombreux ami(e)s.<\/p>\n<p>&nbsp;<\/p>\n<p>La famille a confi\u00e9 la direction des fun\u00e9railles aux services professionnels de la Maison Mallet &amp; fils du 585 boul. Laure \u00e0 Sept-\u00celes, maintenant reconnue Distinction et membre de la Corporation des Thanatologues du Qu\u00e9bec.<\/p>\n<p>&nbsp;<\/p>\n<p>Vous pouvez consulter cet avis de d\u00e9c\u00e8s sur le <a href=\"https:\/\/nouveau.maisonmallet.com\/back05_01\">www.maisonmallet.com<\/a><\/p>\n<p>&nbsp;<\/p>\n<p>Ceux et celles qui le d\u00e9sirent, peuvent y envoyer des messages de sympathie.<\/p>\n<p>&nbsp;<\/p>\n<hr \/>\n<p>Envoyer vos condol\u00e9ances<\/p>\n<p>[contact-form to=\u00a0\u00bbcoquette803@gmail.com\u00a0\u00bb subject=\u00a0\u00bbCondol\u00e9ances\u00a0\u00bb][contact-field label=\u00a0\u00bbVotre nom\u00a0\u00bb type=\u00a0\u00bbname\u00a0\u00bb required=\u00a0\u00bb1&Prime;][contact-field label=\u00a0\u00bbVotre courriel\u00a0\u00bb type=\u00a0\u00bbemail\u00a0\u00bb required=\u00a0\u00bb1&Prime;][contact-field label=\u00a0\u00bbCondol\u00e9ances Howard Stubbert\u00a0\u00bb type=\u00a0\u00bbtextarea\u00a0\u00bb][\/contact-form]<\/p>\n","protected":false},"featured_media":9473,"template":"","event_cat":[6],"class_list":["post-9388","event","type-event","status-publish","has-post-thumbnail","hentry","event_cat-maison-mallet-et-fils-inc"],"_links":{"self":[{"href":"https:\/\/nouveau.maisonmallet.com\/back05_01\/index.php?rest_route=\/wp\/v2\/event\/9388","targetHints":{"allow":["GET"]}}],"collection":[{"href":"https:\/\/nouveau.maisonmallet.com\/back05_01\/index.php?rest_route=\/wp\/v2\/event"}],"about":[{"href":"https:\/\/nouveau.maisonmallet.com\/back05_01\/index.php?rest_route=\/wp\/v2\/types\/event"}],"wp:featuredmedia":[{"embeddable":true,"href":"https:\/\/nouveau.maisonmallet.com\/back05_01\/index.php?rest_route=\/wp\/v2\/media\/9473"}],"wp:attachment":[{"href":"https:\/\/nouveau.maisonmallet.com\/back05_01\/index.php?rest_route=%2Fwp%2Fv2%2Fmedia&parent=9388"}],"wp:term":[{"taxonomy":"event_cat","embeddable":true,"href":"https:\/\/nouveau.maisonmallet.com\/back05_01\/index.php?rest_route=%2Fwp%2Fv2%2Fevent_cat&post=9388"}],"curies":[{"name":"wp","href":"https:\/\/api.w.org\/{rel}","templated":true}]}}

<p>1963 &#8211; 2020</p>
<p>STUBBERT, Howard</p>
<p>&nbsp;</p>
<p>À Chute-aux-Outardes, le 1<sup>er</sup> février 2020, est décédé accidentellement à l’âge de 56 ans, monsieur Howard Stubbert époux de madame Sylvie Deraspe et domicilié à Ragueneau.</p>
<p>&nbsp;</p>
<p>Les funérailles de monsieur Howard Stubbert auront lieu le mercredi 12 février 2020 à 10 h 30 en l’église St-Joseph située au 535, ave. Brochu à Sept-Îles et de là au crématorium de la maison Mallet &amp; fils pour crémation.</p>
<p>&nbsp;</p>
<p>La famille reçoit parents et amis le mardi 11 février 2020 de 13 h à 16 h et de 19 h à 22 h. Le mercredi 12 février 2020 jour des funérailles à compter de 9 h au Complexe Thanatologique Mallet &amp; fils du 585, boul. Laure à Sept-Îles.</p>
<p>&nbsp;</p>
<p>Il laisse dans le deuil outre son épouse madame Sylvie Deraspe, son fils Bobby (Marie-Raphaëlle Minville), sa fille Josée (Benoit Gravel), ses petits-fils : Samuel, Zachary et Alexy, son père monsieur Riley Stubbert (feue Veronica Nadeau), ses sœurs : Suzie (Paul Strickland) et Gillian (Austin Organ), son frère Elwood (Nathalie Marie St-Martin) ainsi que sa belle-mère madame France Lévesque (feu Jacques Deraspe), ses oncles, ses tantes, ses neveux, ses nièces, ses cousins, ses cousines et de nombreux ami(e)s.</p>
<p>&nbsp;</p>
<p>La famille a confié la direction des funérailles aux services professionnels de la Maison Mallet &amp; fils du 585 boul. Laure à Sept-Îles, maintenant reconnue Distinction et membre de la Corporation des Thanatologues du Québec.</p>
<p>&nbsp;</p>
<p>Vous pouvez consulter cet avis de décès sur le <a href="https://nouveau.maisonmallet.com/back05_01">www.maisonmallet.com</a></p>
<p>&nbsp;</p>
<p>Ceux et celles qui le désirent, peuvent y envoyer des messages de sympathie.</p>
<p>&nbsp;</p>
<hr />
<p>Envoyer vos condoléances</p>
<p>[contact-form to= »coquette803@gmail.com » subject= »Condoléances »][contact-field label= »Votre nom » type= »name » required= »1&Prime;][contact-field label= »Votre courriel » type= »email » required= »1&Prime;][contact-field label= »Condoléances Howard Stubbert » type= »textarea »][/contact-form]</p>
