{"id":9456,"date":"2020-02-07T17:28:49","date_gmt":"2020-02-07T22:28:49","guid":{"rendered":"https:\/\/nouveau.maisonmallet.com\/?post_type=event&#038;p=9456"},"modified":"2020-02-10T11:16:16","modified_gmt":"2020-02-10T16:16:16","slug":"turbis-micheline-thibault","status":"publish","type":"event","link":"https:\/\/nouveau.maisonmallet.com\/back05_01\/?event=turbis-micheline-thibault","title":{"rendered":"TURBIS, Micheline (Thibault)"},"content":{"rendered":"<p>1941 &#8211; 2020<\/p>\n<p>TURBIS, Micheline (Thibault)<\/p>\n<p>&nbsp;<\/p>\n<p>\u00c0 Sept-\u00celes (maison \u00c9lyme des Sables), le 7 f\u00e9vrier 2020, est d\u00e9c\u00e9d\u00e9e \u00e0 l\u2019\u00e2ge de 78 ans, madame Micheline Turbis, \u00e9pouse de feu Georges Thibault et domicili\u00e9e \u00e0 Sept-\u00celes.<\/p>\n<p>Les fun\u00e9railles de madame Micheline Turbis Thibault auront lieu le samedi 15 f\u00e9vrier 2020 \u00e0 10 h 30 en l\u2019\u00e9glise St-Joseph situ\u00e9e au 535, ave. Brochu \u00e0 Sept-\u00celes.<\/p>\n<p>Selon ses volont\u00e9s, elle a \u00e9t\u00e9 confi\u00e9e au cr\u00e9matorium de la Maison Mallet &amp; fils pour cr\u00e9mation.<\/p>\n<p>La famille re\u00e7oit parents et amis le vendredi 14 f\u00e9vrier 2020 de 19 h \u00e0 22 h. Le samedi 15 f\u00e9vrier 2020 jour des fun\u00e9railles \u00e0 compter de 9 h au Complexe Thanatologique Mallet &amp; fils du 585, boul. Laure \u00e0 Sept-\u00celes.<\/p>\n<p>Elle laisse dans le deuil ses enfants\u00a0: Odette (Andr\u00e9 Truchon), Lise (Marc Campion), Michel (Lucie Bergeron) et Manon (Steve Morais), ses petits-enfants\u00a0: Maxime, Marie-\u00c8ve (Fleurian Caro), Bryan (Kathleen Gagnon-Girard) et Yannick (Ariane Labelle), ses arri\u00e8re-petits-enfants\u00a0: Louna, Laure-Loue, Aur\u00e9lie, Charles, L\u00e9onie et Olyvia ainsi que son fr\u00e8re Jean (feue Michelle Jomphe), ses beaux-fr\u00e8res\u00a0: Andr\u00e9 (Marcelle B\u00e9langer) et Gilbert (Christiane Dub\u00e9), ses belles-s\u0153urs\u00a0: Fernande (feu Guy Fr\u00e9chette) et C\u00e9line (Pierre Gagn\u00e9), ses neveux, ses ni\u00e8ces, ses cousins, ses cousines et de nombreux ami(e)s.<\/p>\n<p>Vos marques de sympathie peuvent se traduire par un don \u00e0 l\u2019\u00c9lyme des sables <a href=\"http:\/\/www.elymedessables.com\">www.elymedessables.com<\/a><\/p>\n<p>La famille a confi\u00e9 la direction des fun\u00e9railles aux services professionnels de la Maison Mallet &amp; fils du 585 boul. Laure \u00e0 Sept-\u00celes, maintenant reconnue Distinction et membre de la Corporation des Thanatologues du Qu\u00e9bec.<\/p>\n<p>Vous pouvez consulter cet avis de d\u00e9c\u00e8s sur le <a href=\"https:\/\/nouveau.maisonmallet.com\/back05_01\">www.maisonmallet.com<\/a><\/p>\n<p>Ceux et celles qui le d\u00e9sirent, peuvent y envoyer des messages de sympathie.<\/p>\n<p>&nbsp;<\/p>\n<hr \/>\n<p>Envoyer vos condol\u00e9ances<\/p>\n<p>[contact-form to=\u00a0\u00bbdisney.2010@hotmail.com\u00a0\u00bb subject=\u00a0\u00bbCondol\u00e9ances Micheline Turbis\u00a0\u00bb][contact-field label=\u00a0\u00bbVotre nom\u00a0\u00bb type=\u00a0\u00bbname\u00a0\u00bb required=\u00a0\u00bb1&Prime;][contact-field label=\u00a0\u00bbVotre courriel\u00a0\u00bb type=\u00a0\u00bbemail\u00a0\u00bb required=\u00a0\u00bb1&Prime;][contact-field label=\u00a0\u00bbCondol\u00e9ances\u00a0\u00bb type=\u00a0\u00bbtextarea\u00a0\u00bb][\/contact-form]<\/p>\n","protected":false},"featured_media":9484,"template":"","event_cat":[6],"class_list":["post-9456","event","type-event","status-publish","has-post-thumbnail","hentry","event_cat-maison-mallet-et-fils-inc"],"_links":{"self":[{"href":"https:\/\/nouveau.maisonmallet.com\/back05_01\/index.php?rest_route=\/wp\/v2\/event\/9456","targetHints":{"allow":["GET"]}}],"collection":[{"href":"https:\/\/nouveau.maisonmallet.com\/back05_01\/index.php?rest_route=\/wp\/v2\/event"}],"about":[{"href":"https:\/\/nouveau.maisonmallet.com\/back05_01\/index.php?rest_route=\/wp\/v2\/types\/event"}],"wp:featuredmedia":[{"embeddable":true,"href":"https:\/\/nouveau.maisonmallet.com\/back05_01\/index.php?rest_route=\/wp\/v2\/media\/9484"}],"wp:attachment":[{"href":"https:\/\/nouveau.maisonmallet.com\/back05_01\/index.php?rest_route=%2Fwp%2Fv2%2Fmedia&parent=9456"}],"wp:term":[{"taxonomy":"event_cat","embeddable":true,"href":"https:\/\/nouveau.maisonmallet.com\/back05_01\/index.php?rest_route=%2Fwp%2Fv2%2Fevent_cat&post=9456"}],"curies":[{"name":"wp","href":"https:\/\/api.w.org\/{rel}","templated":true}]}}

<p>1941 &#8211; 2020</p>
<p>TURBIS, Micheline (Thibault)</p>
<p>&nbsp;</p>
<p>À Sept-Îles (maison Élyme des Sables), le 7 février 2020, est décédée à l’âge de 78 ans, madame Micheline Turbis, épouse de feu Georges Thibault et domiciliée à Sept-Îles.</p>
<p>Les funérailles de madame Micheline Turbis Thibault auront lieu le samedi 15 février 2020 à 10 h 30 en l’église St-Joseph située au 535, ave. Brochu à Sept-Îles.</p>
<p>Selon ses volontés, elle a été confiée au crématorium de la Maison Mallet &amp; fils pour crémation.</p>
<p>La famille reçoit parents et amis le vendredi 14 février 2020 de 19 h à 22 h. Le samedi 15 février 2020 jour des funérailles à compter de 9 h au Complexe Thanatologique Mallet &amp; fils du 585, boul. Laure à Sept-Îles.</p>
<p>Elle laisse dans le deuil ses enfants : Odette (André Truchon), Lise (Marc Campion), Michel (Lucie Bergeron) et Manon (Steve Morais), ses petits-enfants : Maxime, Marie-Ève (Fleurian Caro), Bryan (Kathleen Gagnon-Girard) et Yannick (Ariane Labelle), ses arrière-petits-enfants : Louna, Laure-Loue, Aurélie, Charles, Léonie et Olyvia ainsi que son frère Jean (feue Michelle Jomphe), ses beaux-frères : André (Marcelle Bélanger) et Gilbert (Christiane Dubé), ses belles-sœurs : Fernande (feu Guy Fréchette) et Céline (Pierre Gagné), ses neveux, ses nièces, ses cousins, ses cousines et de nombreux ami(e)s.</p>
<p>Vos marques de sympathie peuvent se traduire par un don à l’Élyme des sables <a href="http://www.elymedessables.com">www.elymedessables.com</a></p>
<p>La famille a confié la direction des funérailles aux services professionnels de la Maison Mallet &amp; fils du 585 boul. Laure à Sept-Îles, maintenant reconnue Distinction et membre de la Corporation des Thanatologues du Québec.</p>
<p>Vous pouvez consulter cet avis de décès sur le <a href="https://nouveau.maisonmallet.com/back05_01">www.maisonmallet.com</a></p>
<p>Ceux et celles qui le désirent, peuvent y envoyer des messages de sympathie.</p>
<p>&nbsp;</p>
<hr />
<p>Envoyer vos condoléances</p>
<p>[contact-form to= »disney.2010@hotmail.com » subject= »Condoléances Micheline Turbis »][contact-field label= »Votre nom » type= »name » required= »1&Prime;][contact-field label= »Votre courriel » type= »email » required= »1&Prime;][contact-field label= »Condoléances » type= »textarea »][/contact-form]</p>
