{"id":9458,"date":"2020-02-07T07:02:52","date_gmt":"2020-02-07T12:02:52","guid":{"rendered":"https:\/\/nouveau.maisonmallet.com\/?post_type=event&#038;p=9458"},"modified":"2020-02-10T17:31:46","modified_gmt":"2020-02-10T22:31:46","slug":"tettaut-fabien","status":"publish","type":"event","link":"https:\/\/nouveau.maisonmallet.com\/back05_01\/?event=tettaut-fabien","title":{"rendered":"TETTAUT, Fabien"},"content":{"rendered":"<p>1999-2020<\/p>\n<p>&nbsp;<\/p>\n<p>\u00c0 Nutashkuan, le 7 f\u00e9vrier 2020, est d\u00e9c\u00e9d\u00e9 \u00e0 l\u2019\u00e2ge de 20 ans et 7 mois, monsieur Fabien Tettaut fils de R\u00e9al Tettaut et de Denise Malec et domicili\u00e9 \u00e0 Nutashkuan.<\/p>\n<p>Les fun\u00e9railles de monsieur Fabien Tettaut auront lieu le jeudi 13 f\u00e9vrier 2020 \u00e0 11 h 00 en l\u2019\u00e9glise Notre-Dame-des-Indiens de Nutashkuan et l\u2019inhumation au cimeti\u00e8re de l\u2019endroit.<\/p>\n<p>La famille re\u00e7oit parents et amis le mardi 11 f\u00e9vrier 2020 de 13 h \u00e0 16 h, de 19 h 00 \u00e0 22. Le mercredi 12 f\u00e9vrier de 13 h \u00e0 16 h, de 19 h \u00e0 22 h. Le jeudi 13 f\u00e9vrier 2020 jour des fun\u00e9railles \u00e0 compter de 09 h 00 au 86, rue Papuatshipek \u00e0 Nutashkuan.<\/p>\n<p>Il laisse dans le deuil outre son p\u00e8re monsieur R\u00e9al Tettaut, sa m\u00e8re madame Denise Malec, ses fr\u00e8res\u00a0: Tommy et Pierre-David, ses s\u0153urs\u00a0: Agn\u00e8s (Marius Gr\u00e9goire) et Marie-Alice (Ricky Lalo),\u00a0 ses neveux, ses ni\u00e8ces, ses oncles, ses tantes, et de nombreux ami(e)s.<\/p>\n<p>La famille a confi\u00e9 la direction des fun\u00e9railles aux services professionnels de la Maison L.J.G. Mallet du 1429, rue du Canot \u00e0 Havre-Saint-Pierre, maintenant reconnue Distinction et membre de la Corporation des Thanatologues du Qu\u00e9bec.<\/p>\n<p>Vous pouvez consulter cet avis de d\u00e9c\u00e8s sur le <a href=\"https:\/\/nouveau.maisonmallet.com\/back05_01\">www.maisonmallet.com<\/a><\/p>\n<p>Ceux et celles qui le d\u00e9sirent, peuvent y envoyer des messages de sympathie.<\/p>\n<p>&nbsp;<\/p>\n<p>&nbsp;<\/p>\n<hr \/>\n<p>Envoyer vos condol\u00e9ances<\/p>\n<p>[contact-form to=\u00a0\u00bbabymalec2014@hotmail.com\u00a0\u00bb subject=\u00a0\u00bbCondol\u00e9ances Fabien Tettaut\u00a0\u00bb][contact-field label=\u00a0\u00bbVotre nom\u00a0\u00bb type=\u00a0\u00bbname\u00a0\u00bb required=\u00a0\u00bb1&Prime;][contact-field label=\u00a0\u00bbVotre courriel\u00a0\u00bb type=\u00a0\u00bbemail\u00a0\u00bb required=\u00a0\u00bb1&Prime;][contact-field label=\u00a0\u00bbCondol\u00e9ances\u00a0\u00bb type=\u00a0\u00bbtextarea\u00a0\u00bb][\/contact-form]<\/p>\n","protected":false},"featured_media":9507,"template":"","event_cat":[7],"class_list":["post-9458","event","type-event","status-publish","has-post-thumbnail","hentry","event_cat-maison-l-j-g-mallet-inc"],"_links":{"self":[{"href":"https:\/\/nouveau.maisonmallet.com\/back05_01\/index.php?rest_route=\/wp\/v2\/event\/9458","targetHints":{"allow":["GET"]}}],"collection":[{"href":"https:\/\/nouveau.maisonmallet.com\/back05_01\/index.php?rest_route=\/wp\/v2\/event"}],"about":[{"href":"https:\/\/nouveau.maisonmallet.com\/back05_01\/index.php?rest_route=\/wp\/v2\/types\/event"}],"wp:featuredmedia":[{"embeddable":true,"href":"https:\/\/nouveau.maisonmallet.com\/back05_01\/index.php?rest_route=\/wp\/v2\/media\/9507"}],"wp:attachment":[{"href":"https:\/\/nouveau.maisonmallet.com\/back05_01\/index.php?rest_route=%2Fwp%2Fv2%2Fmedia&parent=9458"}],"wp:term":[{"taxonomy":"event_cat","embeddable":true,"href":"https:\/\/nouveau.maisonmallet.com\/back05_01\/index.php?rest_route=%2Fwp%2Fv2%2Fevent_cat&post=9458"}],"curies":[{"name":"wp","href":"https:\/\/api.w.org\/{rel}","templated":true}]}}

<p>1999-2020</p>
<p>&nbsp;</p>
<p>À Nutashkuan, le 7 février 2020, est décédé à l’âge de 20 ans et 7 mois, monsieur Fabien Tettaut fils de Réal Tettaut et de Denise Malec et domicilié à Nutashkuan.</p>
<p>Les funérailles de monsieur Fabien Tettaut auront lieu le jeudi 13 février 2020 à 11 h 00 en l’église Notre-Dame-des-Indiens de Nutashkuan et l’inhumation au cimetière de l’endroit.</p>
<p>La famille reçoit parents et amis le mardi 11 février 2020 de 13 h à 16 h, de 19 h 00 à 22. Le mercredi 12 février de 13 h à 16 h, de 19 h à 22 h. Le jeudi 13 février 2020 jour des funérailles à compter de 09 h 00 au 86, rue Papuatshipek à Nutashkuan.</p>
<p>Il laisse dans le deuil outre son père monsieur Réal Tettaut, sa mère madame Denise Malec, ses frères : Tommy et Pierre-David, ses sœurs : Agnès (Marius Grégoire) et Marie-Alice (Ricky Lalo),  ses neveux, ses nièces, ses oncles, ses tantes, et de nombreux ami(e)s.</p>
<p>La famille a confié la direction des funérailles aux services professionnels de la Maison L.J.G. Mallet du 1429, rue du Canot à Havre-Saint-Pierre, maintenant reconnue Distinction et membre de la Corporation des Thanatologues du Québec.</p>
<p>Vous pouvez consulter cet avis de décès sur le <a href="https://nouveau.maisonmallet.com/back05_01">www.maisonmallet.com</a></p>
<p>Ceux et celles qui le désirent, peuvent y envoyer des messages de sympathie.</p>
<p>&nbsp;</p>
<p>&nbsp;</p>
<hr />
<p>Envoyer vos condoléances</p>
<p>[contact-form to= »abymalec2014@hotmail.com » subject= »Condoléances Fabien Tettaut »][contact-field label= »Votre nom » type= »name » required= »1&Prime;][contact-field label= »Votre courriel » type= »email » required= »1&Prime;][contact-field label= »Condoléances » type= »textarea »][/contact-form]</p>
