{"id":9842,"date":"2020-03-01T17:23:16","date_gmt":"2020-03-01T22:23:16","guid":{"rendered":"https:\/\/nouveau.maisonmallet.com\/?post_type=event&#038;p=9842"},"modified":"2020-03-04T17:30:30","modified_gmt":"2020-03-04T22:30:30","slug":"thomas-angelique","status":"publish","type":"event","link":"https:\/\/nouveau.maisonmallet.com\/back05_01\/?event=thomas-angelique","title":{"rendered":"THOMAS, Ang\u00e9lique"},"content":{"rendered":"<p>1945 &#8211; 2020<\/p>\n<p>THOMAS, Ang\u00e9lique<\/p>\n<p>&nbsp;<\/p>\n<p>\u00c0 Sept-\u00celes, le 1<sup>er<\/sup> mars 2020, est d\u00e9c\u00e9d\u00e9e \u00e0 l\u2019\u00e2ge de 74 ans, madame Ang\u00e9lique Thomas fille de feu Philippe Thomas et de feue Marie-Anne R\u00e9gis domicili\u00e9e \u00e0 Sept-\u00celes.<\/p>\n<p>Les fun\u00e9railles de madame Ang\u00e9lique Thomas auront lieu le jeudi 12 mars 2020 \u00e0 14 h \u00a0en l\u2019\u00e9glise St-Joseph situ\u00e9e au 535, ave. Brochu \u00e0 Sept-\u00celes.<\/p>\n<p>Selon ses volont\u00e9s, elle a \u00e9t\u00e9 confi\u00e9e au cr\u00e9matorium de la Maison Mallet &amp; fils pour cr\u00e9mation.<\/p>\n<p>La famille re\u00e7oit parents et amis le jeudi 12 mars 2020\u00a0 jour des fun\u00e9railles de 10 h \u00e0 14 h \u00a0\u00a0au Complexe Thanatologique Mallet &amp; fils du 585, boul. Laure \u00e0 Sept-\u00celes.<\/p>\n<p>Elle laisse dans le deuil sa fille\u00a0Gina Line (Carl Tremblay), son fils Robert (Manon Levesque), ses quartes petits-enfants, son fr\u00e8re Jean-Guy ainsi que sa s\u0153ur Georgette, ses oncles, ses tantes, ses neveux, ses ni\u00e8ces, ses cousins, ses cousines\u00a0 et de nombreux ami(e)s.<\/p>\n<p>Vos marques de sympathie peuvent se traduire par un don \u00e0 l\u2019\u00c9lyme des sables <a href=\"http:\/\/www.elymedessables.com\">www.elymedessables.com<\/a><\/p>\n<p>Vos marques de sympathie peuvent se traduire par un don\u00a0 \u00e0 la soci\u00e9t\u00e9 Alzheimer C\u00f4te-Nord <a href=\"http:\/\/www.alzheimerquebec.ca\">www.alzheimerquebec.ca<\/a><\/p>\n<p>La famille a confi\u00e9 la direction des fun\u00e9railles aux services professionnels de la Maison Mallet &amp; fils du 585 boul. Laure \u00e0 Sept-\u00celes, maintenant reconnue Distinction et membre de la Corporation des Thanatologues du Qu\u00e9bec.<\/p>\n<p>Vous pouvez consulter cet avis de d\u00e9c\u00e8s sur le <a href=\"https:\/\/nouveau.maisonmallet.com\/back05_01\">www.maisonmallet.com<\/a><\/p>\n<p>Ceux et celles qui le d\u00e9sirent,\u00a0 peuvent y envoyer des messages de sympathie.<\/p>\n<p>&nbsp;<\/p>\n<p>&nbsp;<\/p>\n<p>Envoyer vos condol\u00e9ances<\/p>\n<p>[contact-form to=\u00a0\u00bbginaline8@hotmail.com\u00a0\u00bb subject=\u00a0\u00bbCondol\u00e9ances Ang\u00e9lique Thomas\u00a0\u00bb][contact-field label=\u00a0\u00bbVotre nom\u00a0\u00bb type=\u00a0\u00bbname\u00a0\u00bb required=\u00a0\u00bb1&Prime;][contact-field label=\u00a0\u00bbVotre courriel\u00a0\u00bb type=\u00a0\u00bbemail\u00a0\u00bb required=\u00a0\u00bb1&Prime;][contact-field label=\u00a0\u00bbCondol\u00e9ances\u00a0\u00bb type=\u00a0\u00bbtextarea\u00a0\u00bb][\/contact-form]<\/p>\n","protected":false},"featured_media":9844,"template":"","event_cat":[6],"class_list":["post-9842","event","type-event","status-publish","has-post-thumbnail","hentry","event_cat-maison-mallet-et-fils-inc"],"_links":{"self":[{"href":"https:\/\/nouveau.maisonmallet.com\/back05_01\/index.php?rest_route=\/wp\/v2\/event\/9842","targetHints":{"allow":["GET"]}}],"collection":[{"href":"https:\/\/nouveau.maisonmallet.com\/back05_01\/index.php?rest_route=\/wp\/v2\/event"}],"about":[{"href":"https:\/\/nouveau.maisonmallet.com\/back05_01\/index.php?rest_route=\/wp\/v2\/types\/event"}],"wp:featuredmedia":[{"embeddable":true,"href":"https:\/\/nouveau.maisonmallet.com\/back05_01\/index.php?rest_route=\/wp\/v2\/media\/9844"}],"wp:attachment":[{"href":"https:\/\/nouveau.maisonmallet.com\/back05_01\/index.php?rest_route=%2Fwp%2Fv2%2Fmedia&parent=9842"}],"wp:term":[{"taxonomy":"event_cat","embeddable":true,"href":"https:\/\/nouveau.maisonmallet.com\/back05_01\/index.php?rest_route=%2Fwp%2Fv2%2Fevent_cat&post=9842"}],"curies":[{"name":"wp","href":"https:\/\/api.w.org\/{rel}","templated":true}]}}

THOMAS, Angélique

<p>1945 &#8211; 2020</p>
<p>THOMAS, Angélique</p>
<p>&nbsp;</p>
<p>À Sept-Îles, le 1<sup>er</sup> mars 2020, est décédée à l’âge de 74 ans, madame Angélique Thomas fille de feu Philippe Thomas et de feue Marie-Anne Régis domiciliée à Sept-Îles.</p>
<p>Les funérailles de madame Angélique Thomas auront lieu le jeudi 12 mars 2020 à 14 h  en l’église St-Joseph située au 535, ave. Brochu à Sept-Îles.</p>
<p>Selon ses volontés, elle a été confiée au crématorium de la Maison Mallet &amp; fils pour crémation.</p>
<p>La famille reçoit parents et amis le jeudi 12 mars 2020  jour des funérailles de 10 h à 14 h   au Complexe Thanatologique Mallet &amp; fils du 585, boul. Laure à Sept-Îles.</p>
<p>Elle laisse dans le deuil sa fille Gina Line (Carl Tremblay), son fils Robert (Manon Levesque), ses quartes petits-enfants, son frère Jean-Guy ainsi que sa sœur Georgette, ses oncles, ses tantes, ses neveux, ses nièces, ses cousins, ses cousines  et de nombreux ami(e)s.</p>
<p>Vos marques de sympathie peuvent se traduire par un don à l’Élyme des sables <a href="http://www.elymedessables.com">www.elymedessables.com</a></p>
<p>Vos marques de sympathie peuvent se traduire par un don  à la société Alzheimer Côte-Nord <a href="http://www.alzheimerquebec.ca">www.alzheimerquebec.ca</a></p>
<p>La famille a confié la direction des funérailles aux services professionnels de la Maison Mallet &amp; fils du 585 boul. Laure à Sept-Îles, maintenant reconnue Distinction et membre de la Corporation des Thanatologues du Québec.</p>
<p>Vous pouvez consulter cet avis de décès sur le <a href="https://nouveau.maisonmallet.com/back05_01">www.maisonmallet.com</a></p>
<p>Ceux et celles qui le désirent,  peuvent y envoyer des messages de sympathie.</p>
<p>&nbsp;</p>
<p>&nbsp;</p>
<p>Envoyer vos condoléances</p>
<p>[contact-form to= »ginaline8@hotmail.com » subject= »Condoléances Angélique Thomas »][contact-field label= »Votre nom » type= »name » required= »1&Prime;][contact-field label= »Votre courriel » type= »email » required= »1&Prime;][contact-field label= »Condoléances » type= »textarea »][/contact-form]</p>
