{"id":9917,"date":"2020-03-04T15:31:39","date_gmt":"2020-03-04T20:31:39","guid":{"rendered":"https:\/\/nouveau.maisonmallet.com\/?post_type=event&#038;p=9917"},"modified":"2020-03-09T09:23:07","modified_gmt":"2020-03-09T13:23:07","slug":"hebert-emilien","status":"publish","type":"event","link":"https:\/\/nouveau.maisonmallet.com\/back05_01\/?event=hebert-emilien","title":{"rendered":"H\u00c9BERT, \u00c9milien"},"content":{"rendered":"<p>1930 \u2013 2020<\/p>\n<p>H\u00c9BERT, \u00c9milien<\/p>\n<p>&nbsp;<\/p>\n<p>\u00c0 Port-Cartier, le 4 mars 2020, est d\u00e9c\u00e9d\u00e9 \u00e0 l\u2019\u00e2ge de 90 ans, monsieur \u00c9milien H\u00e9bert \u00e9poux de feue Ang\u00e9lina Bernard et domicili\u00e9 \u00e0 Port-Cartier.<\/p>\n<p>Les fun\u00e9railles de monsieur \u00c9milien H\u00e9bert auront lieu \u00e0 une date ult\u00e9rieure.<\/p>\n<p>Selon ses volont\u00e9s, il a \u00e9t\u00e9 confi\u00e9 au cr\u00e9matorium de la Maison Mallet &amp; fils pour cr\u00e9mation.<\/p>\n<p>Il laisse dans le deuil ses enfants\u00a0: Rock (Marita B\u00e9langer), Hermande ( feu Sergin B\u00e9langer), Fleurette (Arthur Allard), Donald (feue Solange Lebel), Denise (Yoland Dorval), Martine (R\u00e9jean Dorval), Marjolaine (Serge Dubuc), Gilles (Yolande Moreau), Sylvio (Marie-Anne Kenny), J\u00e9r\u00f4me (Brigitte Deroy), France (Ga\u00e9tan Simard), feu Simon (Marise Desjardins), Martel (Claudine Dugas), Bernard (Chantale Dupuis) et Sonia (Sylvain Arseneault), ses quarante petits-enfants, ses soixante-six arri\u00e8re-petits-enfants, ses six arri\u00e8re-arri\u00e8re-petits-enfants ainsi que ses fr\u00e8res, ses s\u0153urs, ses beaux-fr\u00e8res, ses belles-s\u0153urs, ses neveux, ses ni\u00e8ces et de nombreux ami(e)s.<\/p>\n<p>Vos marques de sympathie peuvent se traduire par un don \u00e0 la soci\u00e9t\u00e9 Alzheimer Cote-Nord <a href=\"http:\/\/www.societealzheimercotenord.com\">www.societealzheimercotenord.com<\/a><\/p>\n<p>La famille a confi\u00e9 les arrangements aux services professionnels de la Maison Mallet &amp; fils du 57, route 138 \u00e0 Port-Cartier, maintenant reconnue Distinction et membre de la Corporation des Thanatologues du Qu\u00e9bec.<\/p>\n<p>Vous pouvez consulter cet avis de d\u00e9c\u00e8s, sur le <a href=\"https:\/\/nouveau.maisonmallet.com\/back05_01\">www.maisonmallet.com<\/a><\/p>\n<p>Ceux et celles qui le d\u00e9sirent, peuvent y envoyer des messages de sympathie.<\/p>\n<p>&nbsp;<\/p>\n<p>&nbsp;<\/p>\n<hr \/>\n<p>Envoyer vos condol\u00e9ances<\/p>\n<p>[contact-form to=\u00a0\u00bbbernard.hebert@globetrotter.net\u00a0\u00bb subject=\u00a0\u00bbCondol\u00e9ances \u00c9milien H\u00e9bert\u00a0\u00bb][contact-field label=\u00a0\u00bbVotre nom\u00a0\u00bb type=\u00a0\u00bbname\u00a0\u00bb required=\u00a0\u00bb1&Prime;][contact-field label=\u00a0\u00bbVotre courriel\u00a0\u00bb type=\u00a0\u00bbemail\u00a0\u00bb required=\u00a0\u00bb1&Prime;][contact-field label=\u00a0\u00bbCondol\u00e9ances\u00a0\u00bb type=\u00a0\u00bbtextarea\u00a0\u00bb][\/contact-form]<\/p>\n","protected":false},"featured_media":10001,"template":"","event_cat":[6],"class_list":["post-9917","event","type-event","status-publish","has-post-thumbnail","hentry","event_cat-maison-mallet-et-fils-inc"],"_links":{"self":[{"href":"https:\/\/nouveau.maisonmallet.com\/back05_01\/index.php?rest_route=\/wp\/v2\/event\/9917","targetHints":{"allow":["GET"]}}],"collection":[{"href":"https:\/\/nouveau.maisonmallet.com\/back05_01\/index.php?rest_route=\/wp\/v2\/event"}],"about":[{"href":"https:\/\/nouveau.maisonmallet.com\/back05_01\/index.php?rest_route=\/wp\/v2\/types\/event"}],"wp:featuredmedia":[{"embeddable":true,"href":"https:\/\/nouveau.maisonmallet.com\/back05_01\/index.php?rest_route=\/wp\/v2\/media\/10001"}],"wp:attachment":[{"href":"https:\/\/nouveau.maisonmallet.com\/back05_01\/index.php?rest_route=%2Fwp%2Fv2%2Fmedia&parent=9917"}],"wp:term":[{"taxonomy":"event_cat","embeddable":true,"href":"https:\/\/nouveau.maisonmallet.com\/back05_01\/index.php?rest_route=%2Fwp%2Fv2%2Fevent_cat&post=9917"}],"curies":[{"name":"wp","href":"https:\/\/api.w.org\/{rel}","templated":true}]}}

HÉBERT, Émilien

<p>1930 – 2020</p>
<p>HÉBERT, Émilien</p>
<p>&nbsp;</p>
<p>À Port-Cartier, le 4 mars 2020, est décédé à l’âge de 90 ans, monsieur Émilien Hébert époux de feue Angélina Bernard et domicilié à Port-Cartier.</p>
<p>Les funérailles de monsieur Émilien Hébert auront lieu à une date ultérieure.</p>
<p>Selon ses volontés, il a été confié au crématorium de la Maison Mallet &amp; fils pour crémation.</p>
<p>Il laisse dans le deuil ses enfants : Rock (Marita Bélanger), Hermande ( feu Sergin Bélanger), Fleurette (Arthur Allard), Donald (feue Solange Lebel), Denise (Yoland Dorval), Martine (Réjean Dorval), Marjolaine (Serge Dubuc), Gilles (Yolande Moreau), Sylvio (Marie-Anne Kenny), Jérôme (Brigitte Deroy), France (Gaétan Simard), feu Simon (Marise Desjardins), Martel (Claudine Dugas), Bernard (Chantale Dupuis) et Sonia (Sylvain Arseneault), ses quarante petits-enfants, ses soixante-six arrière-petits-enfants, ses six arrière-arrière-petits-enfants ainsi que ses frères, ses sœurs, ses beaux-frères, ses belles-sœurs, ses neveux, ses nièces et de nombreux ami(e)s.</p>
<p>Vos marques de sympathie peuvent se traduire par un don à la société Alzheimer Cote-Nord <a href="http://www.societealzheimercotenord.com">www.societealzheimercotenord.com</a></p>
<p>La famille a confié les arrangements aux services professionnels de la Maison Mallet &amp; fils du 57, route 138 à Port-Cartier, maintenant reconnue Distinction et membre de la Corporation des Thanatologues du Québec.</p>
<p>Vous pouvez consulter cet avis de décès, sur le <a href="https://nouveau.maisonmallet.com/back05_01">www.maisonmallet.com</a></p>
<p>Ceux et celles qui le désirent, peuvent y envoyer des messages de sympathie.</p>
<p>&nbsp;</p>
<p>&nbsp;</p>
<hr />
<p>Envoyer vos condoléances</p>
<p>[contact-form to= »bernard.hebert@globetrotter.net » subject= »Condoléances Émilien Hébert »][contact-field label= »Votre nom » type= »name » required= »1&Prime;][contact-field label= »Votre courriel » type= »email » required= »1&Prime;][contact-field label= »Condoléances » type= »textarea »][/contact-form]</p>
